{"id":151796,"date":"2026-01-05T10:11:08","date_gmt":"2026-01-05T09:11:08","guid":{"rendered":"https:\/\/gazdasagportal.hu\/?page_id=151796"},"modified":"2026-01-04T22:13:17","modified_gmt":"2026-01-04T21:13:17","slug":"hihetetlen-tempoban-terjed-es-egyre-tobb-kereskedonel-erheto-el-a-qvik","status":"publish","type":"page","link":"https:\/\/gazdasagportal.hu\/index.php\/hihetetlen-tempoban-terjed-es-egyre-tobb-kereskedonel-erheto-el-a-qvik\/","title":{"rendered":"Hihetetlen temp\u00f3ban terjed, \u00e9s egyre t\u00f6bb keresked\u0151n\u00e9l \u00e9rhet\u0151 el a qvik"},"content":{"rendered":"<div class=\"main_wrapper3\">\n<div class=\"leadtext\">\n<p><strong>Nem csak az indul\u00e1s \u00f3ta, de negyed\u00e9ves alapon is nagys\u00e1grendi ugr\u00e1st mutat a qvik-forgalom: 2025 harmadik negyed\u00e9v\u00e9ben k\u00f6zel 10 milli\u00e1rddal, 17 milli\u00e1rd forintra emelkedett az az \u00f6sszeg, amelyet az azonnali fizet\u00e9si rendszerre alapozott, korszer\u0171 fizet\u00e9si m\u00f3d felhaszn\u00e1l\u00e1s\u00e1val fizettek a keresked\u0151kn\u00e9l az emberek \u2013 h\u00edvja fel a figyelmet Gergely P\u00e9ter, a BiztosD\u00f6nt\u00e9s.hu p\u00e9nz\u00fcgyi szak\u00e9rt\u0151je. K\u00f6zben folyamatosan emelkedik a fizet\u00e9si megold\u00e1st elfogad\u00f3 keresked\u0151k sz\u00e1ma is.<\/strong><!--more--><\/p>\n<div class=\"ads-in-post2\"><script async src=\"https:\/\/pagead2.googlesyndication.com\/pagead\/js\/adsbygoogle.js\"><\/script>\r\n<ins class=\"adsbygoogle\"\r\n     style=\"display:block\"\r\n     data-ad-format=\"fluid\"\r\n     data-ad-layout-key=\"-6t+ed+2i-1n-4w\"\r\n     data-ad-client=\"ca-pub-1959107119989764\"\r\n     data-ad-slot=\"4008251320\"><\/ins>\r\n<script>\r\n     (adsbygoogle = window.adsbygoogle || []).push({});\r\n<\/script><\/div>\n<\/div>\n<\/div>\n<div class=\"block block_text text_content\">\n<div class=\"main_wrapper3\">\n<p>Az azonnali fizet\u00e9si rendszer (AFR) n\u00f6veked\u00e9se m\u00f6g\u00f6tt egyre mark\u00e1nsabban jelennek meg az arra \u00e9p\u00fcl\u0151, k\u00f6zvetlen fizet\u00e9si megold\u00e1sok \u2013 h\u00edvja fel a figyelmet Gergely P\u00e9ter, a BiztosD\u00f6nt\u00e9s.hu p\u00e9nz\u00fcgyi szak\u00e9rt\u0151je. A Magyar Nemzeti Bank adatai szerint 2025. harmadik negyed\u00e9v\u00e9re \u00e9rdemben felgyorsult a qvik-alap\u00fa tranzakci\u00f3k terjed\u00e9se, mind darabsz\u00e1mban, mind forgalmi \u00e9rt\u00e9kben.<\/p>\n<\/div>\n<\/div>\n<div class=\"block block_text text_content\">\n<div class=\"main_wrapper3\">\n<p>A fizet\u00e9sek QR-k\u00f3dos, NFC-s \u00e9s linkalap\u00fa ind\u00edt\u00e1s\u00e1nak r\u00e9v\u00e9n az azonnali utal\u00e1s kil\u00e9pett a \u201enetbankos men\u00fcpont\u201d szerepb\u0151l, \u00e9s val\u00f3s, mindennapi fizet\u00e9si alternat\u00edv\u00e1v\u00e1 v\u00e1lt \u2013 teszi hozz\u00e1 a szak\u00e9rt\u0151.<\/p><div id=\"gazda-1538200120\" class=\"gazda-tartalomban gazda-entity-placement\"><script async src=\"https:\/\/pagead2.googlesyndication.com\/pagead\/js\/adsbygoogle.js\"><\/script>\r\n<ins class=\"adsbygoogle\"\r\n     style=\"display:block\"\r\n     data-ad-format=\"fluid\"\r\n     data-ad-layout-key=\"-6t+ed+2i-1n-4w\"\r\n     data-ad-client=\"ca-pub-1959107119989764\"\r\n     data-ad-slot=\"4008251320\"><\/ins>\r\n<script>\r\n     (adsbygoogle = window.adsbygoogle || []).push({});\r\n<\/script><\/div>\n<\/div>\n<\/div>\n<div class=\"block block_spacer\"><\/div>\n<div class=\"block block_header\">\n<div class=\"main_wrapper3\">\n<h2 id=\"nagysagrendi-ugras-egyetlen-ev-alatt\">Nagys\u00e1grendi ugr\u00e1s egyetlen \u00e9v alatt<\/h2>\n<\/div>\n<\/div>\n<div class=\"block block_text text_content\">\n<div class=\"main_wrapper3\">\n<p>A jegybanki adatok szerint\u00a0<b>2025. harmadik negyed\u00e9v\u00e9ben m\u00e1r\u00a0<span class=\"nowrap\">421 ezer<\/span>\u00a0qvik-tranzakci\u00f3 val\u00f3sult meg, \u00f6sszesen\u00a0<span class=\"nowrap\">17,1 milli\u00e1rd<\/span>\u00a0forint \u00e9rt\u00e9kben.<\/b>\u00a0Ez darabsz\u00e1mban k\u00f6zel nyolcszoros, \u00e9rt\u00e9kben pedig t\u00f6bb mint tizenk\u00e9tszeres b\u0151v\u00fcl\u00e9st jelent az indul\u00e1s ut\u00e1ni els\u0151 teljes negyed\u00e9vhez, 2024. utols\u00f3 h\u00e1rom h\u00f3napj\u00e1hoz k\u00e9pest. Gergely P\u00e9ter szerint a negyed\u00e9ves dinamika is kiemelked\u0151:\u00a0<b>a qvik-forgalom \u00e9rt\u00e9ke j\u00falius \u00e9s szeptember k\u00f6z\u00f6tt k\u00f6zel\u00a0<span class=\"nowrap\">10 milli\u00e1rd<\/span>\u00a0forinttal, t\u00f6bb mint 2,2-szeres\u00e9re n\u0151tt a megel\u0151z\u0151, tavaszi negyed\u00e9v adataihoz k\u00e9pest,<\/b>\u00a0mik\u00f6zben a j\u00faniusi\u00a0<span class=\"nowrap\">23 ezer<\/span>\u00a0forint k\u00f6r\u00fcli \u00e1tlagos tranzakci\u00f3s \u00e9rt\u00e9k\u00a0<span class=\"nowrap\">40 ezer<\/span>\u00a0forint f\u00f6l\u00e9 emelkedett.<\/p>\n<\/div>\n<\/div>\n<div class=\"block block_text text_content\">\n<div class=\"main_wrapper3\">\n<p>Ez arra utal, hogy a\u00a0<a href=\"https:\/\/biztosdontes.hu\/cikkek\/qvik-fizetes\" target=\"_blank\" rel=\"noopener\">qvik<\/a>\u00a0nem csup\u00e1n k\u00eds\u00e9rleti vagy alkalmi haszn\u00e1latban jelenik meg, hanem egyre t\u00f6bb nagyobb \u00e9rt\u00e9k\u0171, val\u00f3s v\u00e1s\u00e1rl\u00e1si tranzakci\u00f3kban is szerepet kap.<\/p>\n<\/div>\n<\/div>\n<div class=\"block block_text text_content\">\n<div class=\"main_wrapper3\">\n<p>A szint\u00e9n dinamikusan b\u0151v\u00fcl\u0151 teljes azonnali fizet\u00e9si forgalmon bel\u00fcl a qvik ar\u00e1nya: 2025 harmadik negyed\u00e9v\u00e9nek v\u00e9g\u00e9n darabsz\u00e1mban 0,65 sz\u00e1zal\u00e9k, \u00e9rt\u00e9kben k\u00f6zel 0,1 sz\u00e1zal\u00e9k m\u00e1r qvik fizet\u00e9s volt. A n\u00f6veked\u00e9si p\u00e1lya alapj\u00e1n Gergely P\u00e9ter szerint egy\u00e9rtelm\u0171, hogy a qvik az AFR-forgalmon bel\u00fcl gyorsul\u00f3 \u00fctemben foglal poz\u00edci\u00f3kat \u2013 m\u00e9g akkor is, ha eddig d\u00f6nt\u0151en az online kereskedelmi fel\u00fcleten nyert teret ez a fizet\u00e9si m\u00f3d.<\/p>\n<\/div>\n<\/div>\n<div class=\"block block_spacer\"><\/div>\n<div class=\"block block_header\">\n<div class=\"main_wrapper3\">\n<h2 id=\"a-kereskedelmi-elfogadas-is-felgyorsulhat\">A kereskedelmi elfogad\u00e1s is felgyorsulhat<\/h2>\n<\/div>\n<\/div>\n<div class=\"block block_text text_content\">\n<div class=\"main_wrapper3\">\n<p>A qvik-fizet\u00e9st elfogad\u00f3 keresked\u0151k sz\u00e1ma 2025. harmadik negyed\u00e9v\u00e9nek v\u00e9g\u00e9re\u00a0<span class=\"nowrap\">32,7 ezer<\/span>\u00a0f\u00f6l\u00e9 emelkedett, \u00e9s a piaci szerepl\u0151k l\u00e9p\u00e9sei alapj\u00e1n a k\u00f6vetkez\u0151 h\u00f3napokban \u00e9rdemi b\u0151v\u00fcl\u00e9s v\u00e1rhat\u00f3. Ennek fontos m\u00e9rf\u00f6ldk\u00f6ve, hogy a Pr\u00edma \u00fczletek ut\u00e1n az \u00e9v v\u00e9g\u00e9n az OTP Bank fejleszt\u00e9s\u00e9vel\u00a0<b>megjelent a fizikai qvik-elfogad\u00e1s a Praktiker \u00fczleteiben is<\/b><b>,<\/b>\u00a0amelyet a piaci h\u00edrek szerint heteken-h\u00f3napokon bel\u00fcl \u00fajabb nagy kiskereskedelmi \u00fczleth\u00e1l\u00f3zatok bekapcsol\u00f3d\u00e1sa k\u00f6vet majd.<\/p>\n<\/div>\n<\/div>\n<div class=\"block block_text text_content\">\n<div class=\"main_wrapper3\">\n<p>A forgalmi adatok dinamikus n\u00f6veked\u00e9se azt mutatja, hogy azok a szolg\u00e1ltat\u00f3k \u00e9s keresked\u0151k, akik megteremtik az \u00fcgyfelek sz\u00e1m\u00e1ra az \u00f6sszeghat\u00e1rt\u00f3l f\u00fcggetlen\u00fcl tranzakci\u00f3s illet\u00e9kmentes qvik-fizet\u00e9s lehet\u0151s\u00e9g\u00e9t, k\u00e9zzelfoghat\u00f3 forgalomn\u00f6veked\u00e9ssel sz\u00e1molhatnak a mindennapi v\u00e1s\u00e1rl\u00e1sok ter\u00fclet\u00e9n \u2013 v\u00e9lekedik a BiztosD\u00f6nt\u00e9s.hu p\u00e9nz\u00fcgyi szak\u00e9rt\u0151je. A v\u00e1rakoz\u00e1sok szerint a gyakorlatban a fizet\u00e9si rendszerek \u2013 qvik, bankk\u00e1rtya \u2013 a legt\u00f6bb fizikai keresked\u0151n\u00e9l p\u00e1rhuzamosan futnak majd, lehet\u0151v\u00e9 t\u00e9ve, hogy a v\u00e1s\u00e1rl\u00f3k maguk v\u00e1lasszanak a korszer\u0171, digit\u00e1lis fizet\u00e9si m\u00f3dok k\u00f6z\u00f6tt.<\/p>\n<\/div>\n<\/div>\n","protected":false},"excerpt":{"rendered":"<p>Nem csak az indul\u00e1s \u00f3ta, de negyed\u00e9ves alapon is nagys\u00e1grendi ugr\u00e1st mutat a qvik-forgalom: 2025 harmadik negyed\u00e9v\u00e9ben k\u00f6zel 10 milli\u00e1rddal, 17 milli\u00e1rd forintra emelkedett az az \u00f6sszeg, amelyet az azonnali fizet\u00e9si rendszerre alapozott, korszer\u0171 fizet\u00e9si m\u00f3d felhaszn\u00e1l\u00e1s\u00e1val fizettek a keresked\u0151kn\u00e9l az emberek \u2013 h\u00edvja fel a figyelmet Gergely P\u00e9ter, a BiztosD\u00f6nt\u00e9s.hu p\u00e9nz\u00fcgyi szak\u00e9rt\u0151je. K\u00f6zben folyamatosan &#8230;<\/p>\n","protected":false},"author":1001010,"featured_media":145933,"parent":0,"menu_order":0,"comment_status":"closed","ping_status":"closed","template":"","meta":[],"_links":{"self":[{"href":"https:\/\/gazdasagportal.hu\/index.php\/wp-json\/wp\/v2\/pages\/151796"}],"collection":[{"href":"https:\/\/gazdasagportal.hu\/index.php\/wp-json\/wp\/v2\/pages"}],"about":[{"href":"https:\/\/gazdasagportal.hu\/index.php\/wp-json\/wp\/v2\/types\/page"}],"author":[{"embeddable":true,"href":"https:\/\/gazdasagportal.hu\/index.php\/wp-json\/wp\/v2\/users\/1001010"}],"replies":[{"embeddable":true,"href":"https:\/\/gazdasagportal.hu\/index.php\/wp-json\/wp\/v2\/comments?post=151796"}],"version-history":[{"count":1,"href":"https:\/\/gazdasagportal.hu\/index.php\/wp-json\/wp\/v2\/pages\/151796\/revisions"}],"predecessor-version":[{"id":151797,"href":"https:\/\/gazdasagportal.hu\/index.php\/wp-json\/wp\/v2\/pages\/151796\/revisions\/151797"}],"wp:featuredmedia":[{"embeddable":true,"href":"https:\/\/gazdasagportal.hu\/index.php\/wp-json\/wp\/v2\/media\/145933"}],"wp:attachment":[{"href":"https:\/\/gazdasagportal.hu\/index.php\/wp-json\/wp\/v2\/media?parent=151796"}],"curies":[{"name":"wp","href":"https:\/\/api.w.org\/{rel}","templated":true}]}}