{"id":115451,"date":"2019-04-24T09:37:54","date_gmt":"2019-04-24T07:37:54","guid":{"rendered":"http:\/\/gazdasagportal.hu\/?page_id=115451"},"modified":"2019-04-24T10:15:38","modified_gmt":"2019-04-24T08:15:38","slug":"miert-vasarolnak-manapsag-gps-es-sorvezetot-a-gazdak-megkerdeztuk-oket","status":"publish","type":"page","link":"https:\/\/gazdasagportal.hu\/index.php\/miert-vasarolnak-manapsag-gps-es-sorvezetot-a-gazdak-megkerdeztuk-oket\/","title":{"rendered":"Mi\u00e9rt v\u00e1s\u00e1rolnak manaps\u00e1g GPS-es sorvezet\u0151t a gazd\u00e1k? Megk\u00e9rdezt\u00fck \u0151ket!"},"content":{"rendered":"<p><strong>A sorvezet\u0151 GPS-ek m\u00e1r minden gazdas\u00e1g elengedhetetlen r\u00e9sz\u00e9t k\u00e9pezik f\u00fcggetlen\u00fcl att\u00f3l, hogy mekkora ter\u00fcleten foglalkoznak sz\u00e1nt\u00f3f\u00f6ldi n\u00f6v\u00e9nytermeszt\u00e9ssel. Megk\u00e9rdezt\u00fck a gazd\u00e1lkod\u00f3kat, hogy manaps\u00e1g mi\u00e9rt v\u00e1s\u00e1rolnak sorvezet\u0151 k\u00e9sz\u00fcl\u00e9ket, \u00e9s hogy melyik funkci\u00f3kat tartj\u00e1k a leghasznosabbnak.<\/strong><!--more--><\/p>\n<div class=\"ads-in-post1\"><div id=\"gazdasagportal.hu_fullbanner_wideboard\"><\/div>\r\n<\/div>\n<p>&nbsp;<\/p>\n<p><strong>Tall\u00e9r Lajos, Kiskunhalas<\/strong><\/p><div id=\"gazda-3882765512\" class=\"gazda-tartalomban gazda-entity-placement\"><script async src=\"https:\/\/pagead2.googlesyndication.com\/pagead\/js\/adsbygoogle.js\"><\/script>\r\n<ins class=\"adsbygoogle\"\r\n     style=\"display:block\"\r\n     data-ad-format=\"fluid\"\r\n     data-ad-layout-key=\"-6t+ed+2i-1n-4w\"\r\n     data-ad-client=\"ca-pub-1959107119989764\"\r\n     data-ad-slot=\"4008251320\"><\/ins>\r\n<script>\r\n     (adsbygoogle = window.adsbygoogle || []).push({});\r\n<\/script><\/div>\n<p><strong>K\u00e9sz\u00fcl\u00e9k: LD-Agro Mg Navig\u00e1tor V1<\/strong><\/p>\n<p><em><a href=\"https:\/\/gazdasagportal.hu\/wp-content\/uploads\/2019\/04\/Tall\u00e9r-Lajos2.jpg\"><img decoding=\"async\" loading=\"lazy\" class=\"alignright size-medium wp-image-115452\" src=\"https:\/\/gazdasagportal.hu\/wp-content\/uploads\/2019\/04\/Tall\u00e9r-Lajos2-300x169.jpg\" alt=\"\" width=\"300\" height=\"169\" srcset=\"https:\/\/gazdasagportal.hu\/wp-content\/uploads\/2019\/04\/Tall\u00e9r-Lajos2-300x169.jpg 300w, https:\/\/gazdasagportal.hu\/wp-content\/uploads\/2019\/04\/Tall\u00e9r-Lajos2-768x433.jpg 768w, https:\/\/gazdasagportal.hu\/wp-content\/uploads\/2019\/04\/Tall\u00e9r-Lajos2.jpg 941w\" sizes=\"(max-width: 300px) 100vw, 300px\" \/><\/a>\u201eKorszer\u0171s\u00edtett\u00fck a g\u00e9pparkot, az \u00faj m\u0171tr\u00e1gyasz\u00f3r\u00f3nk munkasz\u00e9less\u00e9ge 28\u201330 m\u00e9ter lett. A dupl\u00e1n sz\u00f3r\u00e1sok \u00e9s kihagy\u00e1sok elker\u00fcl\u00e9s\u00e9hez sz\u00fcks\u00e9g\u00fcnk volt egy sorvezet\u0151re, az Mg Navig\u00e1tor nagyszer\u0171en bev\u00e1lt. Nagy szolg\u00e1latot tesz a saj\u00e1t ter\u00fcletek m\u00e9r\u00e9sekor is, pontosan ki tudjuk sz\u00e1molni p\u00e9ld\u00e1ul a sz\u00fcks\u00e9ges vet\u0151magot is. Nagyon hasznos m\u0171szer!<\/em> <em>\u201d <\/em><\/p>\n<p>&nbsp;<\/p>\n<p><strong>Keszler S\u00e1ndor, K\u00f6ml\u0151d<\/strong><\/p>\n<p><strong>K\u00e9sz\u00fcl\u00e9k: LD-Agro Mg Navig\u00e1tor V1<\/strong><\/p>\n<p><em><a href=\"https:\/\/gazdasagportal.hu\/wp-content\/uploads\/2019\/04\/Keszler-S\u00e1ndor-2.jpg\"><img decoding=\"async\" loading=\"lazy\" class=\"alignright size-medium wp-image-115453\" src=\"https:\/\/gazdasagportal.hu\/wp-content\/uploads\/2019\/04\/Keszler-S\u00e1ndor-2-287x300.jpg\" alt=\"\" width=\"287\" height=\"300\" srcset=\"https:\/\/gazdasagportal.hu\/wp-content\/uploads\/2019\/04\/Keszler-S\u00e1ndor-2-287x300.jpg 287w, https:\/\/gazdasagportal.hu\/wp-content\/uploads\/2019\/04\/Keszler-S\u00e1ndor-2-768x804.jpg 768w, https:\/\/gazdasagportal.hu\/wp-content\/uploads\/2019\/04\/Keszler-S\u00e1ndor-2-978x1024.jpg 978w, https:\/\/gazdasagportal.hu\/wp-content\/uploads\/2019\/04\/Keszler-S\u00e1ndor-2.jpg 1837w\" sizes=\"(max-width: 287px) 100vw, 287px\" \/><\/a>\u201eVolt egy nagyon r\u00e9gi Mg Navig\u00e1torom, besz\u00e1m\u00edt\u00e1ssal cser\u00e9ltem az \u00fajabb t\u00edpusra. Permetez\u00e9shez \u00e9s m\u0171tr\u00e1gyasz\u00f3r\u00e1shoz haszn\u00e1lom. Nem kell sz\u00e1molnom a sorokat, f\u0151leg kap\u00e1sokn\u00e1l, ha est\u00e9be ny\u00falik a permetez\u00e9s, akkor is nagyon hasznos. A mai permetszer\u00e1rakn\u00e1l mindent meg kell fogni, amit csak lehet. Id\u0151ben is rengeteget hoz vissza. Amikor a vet\u00e9st tervezem, a ter\u00fcletm\u00e9r\u00e9st haszn\u00e1lom, hogy pontosan akkora ter\u00fcletet vessek be az egyes n\u00f6v\u00e9nykult\u00far\u00e1kb\u00f3l egy t\u00e1bl\u00e1n bel\u00fcl, amennyit szeretn\u00e9k.\u201d <\/em><\/p>\n<p>&nbsp;<\/p>\n<p>&nbsp;<\/p>\n<p><strong>Bagoly Andr\u00e1s, G\u00e9rce<\/strong><\/p>\n<p><strong>K\u00e9sz\u00fcl\u00e9k: LD-Agro Mg Navig\u00e1tor V2<\/strong><\/p>\n<p><em><a href=\"https:\/\/gazdasagportal.hu\/wp-content\/uploads\/2019\/04\/Bagoly-Andr\u00e1s.jpg\"><img decoding=\"async\" loading=\"lazy\" class=\"alignright size-medium wp-image-115454\" src=\"https:\/\/gazdasagportal.hu\/wp-content\/uploads\/2019\/04\/Bagoly-Andr\u00e1s-300x169.jpg\" alt=\"\" width=\"300\" height=\"169\" srcset=\"https:\/\/gazdasagportal.hu\/wp-content\/uploads\/2019\/04\/Bagoly-Andr\u00e1s-300x169.jpg 300w, https:\/\/gazdasagportal.hu\/wp-content\/uploads\/2019\/04\/Bagoly-Andr\u00e1s-768x432.jpg 768w, https:\/\/gazdasagportal.hu\/wp-content\/uploads\/2019\/04\/Bagoly-Andr\u00e1s-1024x576.jpg 1024w\" sizes=\"(max-width: 300px) 100vw, 300px\" \/><\/a>\u201eLegt\u00f6bbsz\u00f6r m\u0171tr\u00e1gyasz\u00f3r\u00e1shoz haszn\u00e1lom. Nagyon hasznos kombin\u00e1toroz\u00e1sn\u00e1l is, hogy ne legyen akkora r\u00e1fed\u00e9s, \u00edgy sp\u00f3rolni tudunk az \u00fczemanyagon \u00e9s az id\u0151n is. GPS-jel itt, a k\u00f6rny\u00e9k\u00fcnk\u00f6n t\u00f6k\u00e9letes, mindig m\u0171k\u00f6dik rendesen. V\u00e1s\u00e1roltam hozz\u00e1 kamer\u00e1t is, ez a forg\u00f3boron\u00e1s vet\u0151g\u00e9pre ker\u00fcl, mert ha felemelem, a traktorb\u00f3l m\u00e1r nem l\u00e1tom, hogy mi t\u00f6rt\u00e9nik. \u00c1r-\u00e9rt\u00e9k ar\u00e1nyban t\u00f6k\u00e9letes.\u201d <\/em><\/p>\n<p><strong>Fot\u00f3n: Bagoly Andr\u00e1s fia, G\u00e9rce<\/strong><\/p>\n<p><strong>\u00a0<\/strong><\/p>\n<p><strong>Venczlik Zsolt, T\u00e1rk\u00e1ny<\/strong><\/p>\n<p><strong>K\u00e9sz\u00fcl\u00e9k: LD-Agro Mg Navig\u00e1tor V2<\/strong><\/p>\n<p><em><a href=\"https:\/\/gazdasagportal.hu\/wp-content\/uploads\/2019\/04\/Venczlik-Zsolt-2.png\"><img decoding=\"async\" loading=\"lazy\" class=\"alignright size-thumbnail wp-image-115455\" src=\"https:\/\/gazdasagportal.hu\/wp-content\/uploads\/2019\/04\/Venczlik-Zsolt-2-150x150.png\" alt=\"\" width=\"150\" height=\"150\" srcset=\"https:\/\/gazdasagportal.hu\/wp-content\/uploads\/2019\/04\/Venczlik-Zsolt-2-150x150.png 150w, https:\/\/gazdasagportal.hu\/wp-content\/uploads\/2019\/04\/Venczlik-Zsolt-2-70x70.png 70w\" sizes=\"(max-width: 150px) 100vw, 150px\" \/><\/a>\u201eM\u0171tr\u00e1gyasz\u00f3r\u00e1shoz \u00e9s vegyszerez\u00e9shez haszn\u00e1lom, rengeteg id\u0151t \u00e9s p\u00e9nzt takar\u00edtok meg vele. Gy\u0171r\u0171s hengerrel, kombin\u00e1torral, sim\u00edt\u00f3val is kipr\u00f3b\u00e1ltam m\u00e1r. A f\u00e9lbehagyott munk\u00e1t is pontosan ott tudom folytatni, ahol abbahagytam. Nagyon sokat seg\u00edt, f\u0151leg id\u0151ben: k\u00e9s\u0151n este, kor\u00e1n reggel is tudok dolgozni. Ami le van \u00edrva, azt maxim\u00e1lisan teljes\u00edti. B\u00e1tran merem aj\u00e1nlani a gazd\u00e1lkod\u00f3knak.\u201d<\/em><\/p>\n<p>&nbsp;<\/p>\n<p><strong>Perleczki B\u00e9la fia, Pitvaros<\/strong><\/p>\n<p><strong>K\u00e9sz\u00fcl\u00e9k: LD-Agro LineGuide 1000<\/strong><\/p>\n<p><em><a href=\"https:\/\/gazdasagportal.hu\/wp-content\/uploads\/2019\/04\/Perleczki-Bal\u00e1zs2.jpg\"><img decoding=\"async\" loading=\"lazy\" class=\"alignright size-medium wp-image-115456\" src=\"https:\/\/gazdasagportal.hu\/wp-content\/uploads\/2019\/04\/Perleczki-Bal\u00e1zs2-300x300.jpg\" alt=\"\" width=\"300\" height=\"300\" srcset=\"https:\/\/gazdasagportal.hu\/wp-content\/uploads\/2019\/04\/Perleczki-Bal\u00e1zs2-300x300.jpg 300w, https:\/\/gazdasagportal.hu\/wp-content\/uploads\/2019\/04\/Perleczki-Bal\u00e1zs2-150x150.jpg 150w, https:\/\/gazdasagportal.hu\/wp-content\/uploads\/2019\/04\/Perleczki-Bal\u00e1zs2-768x768.jpg 768w, https:\/\/gazdasagportal.hu\/wp-content\/uploads\/2019\/04\/Perleczki-Bal\u00e1zs2-1024x1024.jpg 1024w, https:\/\/gazdasagportal.hu\/wp-content\/uploads\/2019\/04\/Perleczki-Bal\u00e1zs2-70x70.jpg 70w, https:\/\/gazdasagportal.hu\/wp-content\/uploads\/2019\/04\/Perleczki-Bal\u00e1zs2.jpg 1689w\" sizes=\"(max-width: 300px) 100vw, 300px\" \/><\/a>\u201eNagyj\u00e1b\u00f3l egy \u00e9ve v\u00e1s\u00e1roltuk. Az\u00e9rt a LineGuide 1000 t\u00edpust v\u00e1lasztottuk, mert b\u0151v\u00edthet\u0151. Tavaly m\u0171tr\u00e1gyasz\u00f3r\u00e1shoz, permetez\u00e9shez haszn\u00e1ltuk a virtu\u00e1lis szakaszol\u00e1ssal, amivel sok vegyszert sp\u00f3roltunk meg. Tarl\u00f3kezel\u00e9sn\u00e9l is nagy seg\u00edts\u00e9g\u00fcnkre volt. Id\u00e9n tavasszal fejleszteni akarjuk robotpil\u00f3ta-rendszerrel. Kev\u00e9s ter\u00fcleten gazd\u00e1lkodunk, de ez jelent\u0151sen megk\u00f6nny\u00edten\u00e9 a munk\u00e1t.\u201d <\/em><\/p>\n<p><strong>Fot\u00f3n: Perleczki B\u00e9la fia, Pitvaros<\/strong><\/p>\n<p><strong>\u00a0<\/strong><br \/>\n<strong>J\u00f3l l\u00e1tszik, hogy a gazd\u00e1lkod\u00f3k ma m\u00e1r nem csak a permetez\u00e9shez \u00e9s m\u0171tr\u00e1gy\u00e1z\u00e1shoz v\u00e1s\u00e1rolnak k\u00e9sz\u00fcl\u00e9keket. Robotpil\u00f3ta rendszer-fejleszt\u00e9sben gondolkodnak, ak\u00e1r t\u00f6bb l\u00e9p\u00e9sben, sokan ez\u00e9rt v\u00e1lasztj\u00e1k a LineGuide 800 vagy 1000 sorvezet\u0151t. A szakaszol\u00e1st seg\u00edt\u0151 funkci\u00f3t a gyakorlatban eredm\u00e9nyesen haszn\u00e1lj\u00e1k, amivel hat\u00e9konyabban val\u00f3s\u00edthat\u00f3 meg a n\u00f6v\u00e9nyv\u00e9delem. Megismert\u00e9k a program k\u00fcl\u00f6nf\u00e9le funkci\u00f3it, mellyel p\u00e9ld\u00e1ul ellen\u0151rizhet\u0151 az \u00e1tfedett \u00e9s kihagyott ter\u00fcletnagys\u00e1g is. A gazd\u00e1k megtal\u00e1lt\u00e1k azokat a felhaszn\u00e1l\u00e1si lehet\u0151s\u00e9geket, amelyek val\u00f3j\u00e1ban megk\u00f6nny\u00edtik a munk\u00e1jukat.<\/strong><\/p>\n<p><strong>\u00a0<\/strong><br \/>\n<strong><em><u><a href=\"http:\/\/www.agrogazda.hu\/sorvezeto_es_teruletmero\/gps-es_sorvezeto\/?utm_source=gazdasagportal%2Bsorvezet%C5%91%2Bcikk&amp;utm_medium=cikk&amp;utm_campaign=gazdasagportal%2Bsorvezet%C5%91%2Bcikk\" target=\"_blank\" rel=\"noopener\">B\u0151vebben a GPS-es sorvezet\u0151kr\u0151l itt!<\/a><\/u><\/em><\/strong><\/p>\n","protected":false},"excerpt":{"rendered":"<p>A sorvezet\u0151 GPS-ek m\u00e1r minden gazdas\u00e1g elengedhetetlen r\u00e9sz\u00e9t k\u00e9pezik f\u00fcggetlen\u00fcl att\u00f3l, hogy mekkora ter\u00fcleten foglalkoznak sz\u00e1nt\u00f3f\u00f6ldi n\u00f6v\u00e9nytermeszt\u00e9ssel. Megk\u00e9rdezt\u00fck a gazd\u00e1lkod\u00f3kat, hogy manaps\u00e1g mi\u00e9rt v\u00e1s\u00e1rolnak sorvezet\u0151 k\u00e9sz\u00fcl\u00e9ket, \u00e9s hogy melyik funkci\u00f3kat tartj\u00e1k a leghasznosabbnak.<\/p>\n","protected":false},"author":1,"featured_media":0,"parent":0,"menu_order":0,"comment_status":"closed","ping_status":"closed","template":"","meta":[],"_links":{"self":[{"href":"https:\/\/gazdasagportal.hu\/index.php\/wp-json\/wp\/v2\/pages\/115451"}],"collection":[{"href":"https:\/\/gazdasagportal.hu\/index.php\/wp-json\/wp\/v2\/pages"}],"about":[{"href":"https:\/\/gazdasagportal.hu\/index.php\/wp-json\/wp\/v2\/types\/page"}],"author":[{"embeddable":true,"href":"https:\/\/gazdasagportal.hu\/index.php\/wp-json\/wp\/v2\/users\/1"}],"replies":[{"embeddable":true,"href":"https:\/\/gazdasagportal.hu\/index.php\/wp-json\/wp\/v2\/comments?post=115451"}],"version-history":[{"count":3,"href":"https:\/\/gazdasagportal.hu\/index.php\/wp-json\/wp\/v2\/pages\/115451\/revisions"}],"predecessor-version":[{"id":115464,"href":"https:\/\/gazdasagportal.hu\/index.php\/wp-json\/wp\/v2\/pages\/115451\/revisions\/115464"}],"wp:attachment":[{"href":"https:\/\/gazdasagportal.hu\/index.php\/wp-json\/wp\/v2\/media?parent=115451"}],"curies":[{"name":"wp","href":"https:\/\/api.w.org\/{rel}","templated":true}]}}