{"id":115288,"date":"2019-04-17T15:43:20","date_gmt":"2019-04-17T13:43:20","guid":{"rendered":"http:\/\/gazdasagportal.hu\/?page_id=115288"},"modified":"2019-04-18T15:11:00","modified_gmt":"2019-04-18T13:11:00","slug":"megtudtuk-mi-alapjan-valasztanak-robotpilota-rendszert-az-eredmenyes-gazdalkodok","status":"publish","type":"page","link":"https:\/\/gazdasagportal.hu\/index.php\/megtudtuk-mi-alapjan-valasztanak-robotpilota-rendszert-az-eredmenyes-gazdalkodok\/","title":{"rendered":"Megtudtuk, mi alapj\u00e1n v\u00e1lasztanak robotpil\u00f3ta rendszert az eredm\u00e9nyes gazd\u00e1lkod\u00f3k!"},"content":{"rendered":"<p><strong>A robotpil\u00f3ta rendszer nem kis beruh\u00e1z\u00e1s, melyet hosszas d\u00f6nt\u00e9s el\u0151k\u00e9sz\u00edt\u00e9s el\u0151z meg.<br \/>\nSzembe kell \u00e1ll\u00edtani a rendszerrel el\u00e9rhet\u0151 hasznot, el\u0151ny\u00f6ket a beruh\u00e1z\u00e1s k\u00f6lts\u00e9g\u00e9vel \u00e9s a m\u00e9rlegnek mindig a j\u00f3 ir\u00e1nyba kell billennie!<\/strong><!--more--><\/p>\n<div class=\"ads-in-post1\"><div id=\"gazdasagportal.hu_fullbanner_wideboard\"><\/div>\r\n<\/div>\n<a href=\"https:\/\/gazdasagportal.hu\/wp-content\/uploads\/2019\/04\/Mtz-820.4-hidraulikus-robotpil\u00f3ta-rendszer_2-nyit\u00f3k\u00e9p-2.jpg\"><img decoding=\"async\" loading=\"lazy\" class=\"alignright size-medium wp-image-115297\" src=\"https:\/\/gazdasagportal.hu\/wp-content\/uploads\/2019\/04\/Mtz-820.4-hidraulikus-robotpil\u00f3ta-rendszer_2-nyit\u00f3k\u00e9p-2-300x150.jpg\" alt=\"\" width=\"300\" height=\"150\" srcset=\"https:\/\/gazdasagportal.hu\/wp-content\/uploads\/2019\/04\/Mtz-820.4-hidraulikus-robotpil\u00f3ta-rendszer_2-nyit\u00f3k\u00e9p-2-300x150.jpg 300w, https:\/\/gazdasagportal.hu\/wp-content\/uploads\/2019\/04\/Mtz-820.4-hidraulikus-robotpil\u00f3ta-rendszer_2-nyit\u00f3k\u00e9p-2-768x384.jpg 768w, https:\/\/gazdasagportal.hu\/wp-content\/uploads\/2019\/04\/Mtz-820.4-hidraulikus-robotpil\u00f3ta-rendszer_2-nyit\u00f3k\u00e9p-2.jpg 928w\" sizes=\"(max-width: 300px) 100vw, 300px\" \/><\/a>Az egyik oldalon ott vannak a k\u00e9zenfekv\u0151 el\u0151ny\u00f6k, hiszen egy robotpil\u00f3ta rendszerrel jelent\u0151s, 5-10% m\u0171tr\u00e1gya, n\u00f6v\u00e9nyv\u00e9d\u0151 szer \u00e9s vet\u0151mag is megtakar\u00edthat\u00f3. R\u00e1ad\u00e1sul sokkal k\u00e9nyelmesebb\u00e9, k\u00f6nnyebb\u00e9 teszi a traktoros munk\u00e1j\u00e1t, hiszen nem kell folyamatosan az ide\u00e1lis nyomvonalhoz korrig\u00e1lnia, \u00edgy figyelm\u00e9t a munkaeszk\u00f6zre, a munka min\u0151s\u00e9g\u00e9re ford\u00edthatja. Egy robotpil\u00f3ta nem f\u00e1rad, \u00edgy a m\u0171szak v\u00e9g\u00e9n is ugyanazt a min\u0151s\u00e9get adja, amit az els\u0151 \u00f3r\u00e1ban. RTK korrekci\u00f3val gyakorlatilag \u00e1tfed\u00e9s \u00e9s kihagy\u00e1s n\u00e9lk\u00fcli munkav\u00e9gz\u00e9s \u00e9rhet\u0151 el, \u00edgy kevesebb id\u0151 alatt t\u00f6bb munk\u00e1t tud elv\u00e9gezni. A ter\u00fcletteljes\u00edtm\u00e9ny n\u00f6veked\u00e9s\u00e9nek k\u00f6sz\u00f6nhet\u0151en pedig alacsonyabb lesz a g\u00e9pk\u00f6lts\u00e9g, kevesebb a g\u00e1zolaj-felhaszn\u00e1l\u00e1s.<br \/>\nM\u00edg a m\u00e1sik oldalon az egyszeri kiad\u00e1sok szerepelnek. Ami nem is biztos, hogy egyszeri, mivel r\u00e9szletekben, illetve l\u00e9pcs\u0151zetesen is meg lehet v\u00e1s\u00e1rolni a robotpil\u00f3ta rendszer elemeit. A kis- \u00e9s k\u00f6zepes gazdas\u00e1gokban jellemz\u0151en els\u0151 l\u00e9p\u00e9sk\u00e9nt egy sorvezet\u0151vel ind\u00edtanak, ami m\u00e1r tov\u00e1bbfejleszthet\u0151. Jelent\u0151s megtakar\u00edt\u00e1s \u00e9rhet\u0151 el ezekkel is az inputanyagokon az els\u0151 \u00e9vben, \u00edgy a k\u00f6vetkez\u0151 szezonban ak\u00e1r m\u00e1r ebb\u0151l a megtakar\u00edt\u00e1sb\u00f3l fedezhet\u0151 egy robotpil\u00f3ta fejleszt\u00e9s\u00e9nek az \u00e1ra. \u00dajabb l\u00e9p\u00e9sk\u00e9nt pedig antenna fejleszt\u00e9ssel a rendszer 2-3 cm-es RTK szintig is fejleszthet\u0151, \u00edgy m\u00e1r a prec\u00edz munk\u00e1t ig\u00e9nyl\u0151 feladatok, pl. vet\u00e9s, kultiv\u00e1toroz\u00e1s is elv\u00e9gezhet\u0151 a robotpil\u00f3ta seg\u00edts\u00e9g\u00e9vel.<\/p>\n<div class=\"ads-in-post2\"><script async src=\"https:\/\/pagead2.googlesyndication.com\/pagead\/js\/adsbygoogle.js\"><\/script>\r\n<ins class=\"adsbygoogle\"\r\n     style=\"display:block\"\r\n     data-ad-format=\"fluid\"\r\n     data-ad-layout-key=\"-6t+ed+2i-1n-4w\"\r\n     data-ad-client=\"ca-pub-1959107119989764\"\r\n     data-ad-slot=\"4008251320\"><\/ins>\r\n<script>\r\n     (adsbygoogle = window.adsbygoogle || []).push({});\r\n<\/script><\/div>\n&nbsp;<\/p>\n<p><strong>Megk\u00e9rt\u00fcnk p\u00e1r t\u00f6bb \u00e9vtizedes m\u00falttal rendelkez\u0151 gazd\u00e1lkod\u00f3t mondj\u00e1k el mi\u00e9rt pont LD-Agro robotpil\u00f3ta rendszert v\u00e1s\u00e1roltak!<\/strong><\/p>\n<p>&nbsp;<\/p><div id=\"gazda-1954338999\" class=\"gazda-tartalomban gazda-entity-placement\"><script async src=\"https:\/\/pagead2.googlesyndication.com\/pagead\/js\/adsbygoogle.js\"><\/script>\r\n<ins class=\"adsbygoogle\"\r\n     style=\"display:block\"\r\n     data-ad-format=\"fluid\"\r\n     data-ad-layout-key=\"-6t+ed+2i-1n-4w\"\r\n     data-ad-client=\"ca-pub-1959107119989764\"\r\n     data-ad-slot=\"4008251320\"><\/ins>\r\n<script>\r\n     (adsbygoogle = window.adsbygoogle || []).push({});\r\n<\/script><\/div>\n<p><strong><a href=\"https:\/\/gazdasagportal.hu\/wp-content\/uploads\/2019\/04\/St\u00e9ger-Andor.jpg\"><img decoding=\"async\" loading=\"lazy\" class=\"alignright size-medium wp-image-115298\" src=\"https:\/\/gazdasagportal.hu\/wp-content\/uploads\/2019\/04\/St\u00e9ger-Andor-300x300.jpg\" alt=\"\" width=\"300\" height=\"300\" srcset=\"https:\/\/gazdasagportal.hu\/wp-content\/uploads\/2019\/04\/St\u00e9ger-Andor-300x300.jpg 300w, https:\/\/gazdasagportal.hu\/wp-content\/uploads\/2019\/04\/St\u00e9ger-Andor-150x150.jpg 150w, https:\/\/gazdasagportal.hu\/wp-content\/uploads\/2019\/04\/St\u00e9ger-Andor-70x70.jpg 70w, https:\/\/gazdasagportal.hu\/wp-content\/uploads\/2019\/04\/St\u00e9ger-Andor.jpg 640w\" sizes=\"(max-width: 300px) 100vw, 300px\" \/><\/a>Aranybulla Mg. Zrt., St\u00e9ger Andor, Sz\u00e9kesfeh\u00e9rv\u00e1r-Kisfalud<\/strong><\/p>\n<p><strong>K\u00e9sz\u00fcl\u00e9kek: LD-Agro SteerReady Drive RTK, 2 db LD-Agro UniDrive RTK<\/strong><\/p>\n<p>\u201e2015-ben a robotpil\u00f3ta rendszerrel els\u0151dleges szempont a talaj k\u00edm\u00e9l\u00e9s, illetve a kisz\u00f3rand\u00f3 anyagoknak a nem elpocs\u00e9kolt kijuttat\u00e1sa volt. A megn\u00f6vekedett ter\u00fcletteljes\u00edtm\u00e9ny elv\u00e1r\u00e1sok &#8211; legyen az n\u00f6velt sebess\u00e9g vagy sz\u00e9lesebb munkag\u00e9p &#8211; miatt a pil\u00f3ta m\u00e1r nem l\u00e1tta milyen messze sz\u00f3rt, illetve hov\u00e1 is kellene visszafordulnia. A m\u0171tr\u00e1gya sz\u00f3r\u00e1ssal kezd\u0151d\u00f6tt, majd a vegyszerez\u00e9ssel folytat\u00f3dott. Id\u0151 k\u00f6zben a 2 cm-es pontoss\u00e1g hamar bebizony\u00edtotta, hogy a vet\u00e9st is k\u00f6nnyebb\u00e9 tehetj\u00fck. Nem besz\u00e9lve arr\u00f3l, hogy poros k\u00f6r\u00fclm\u00e9nyek k\u00f6z\u00f6tt t\u00f6rt\u00e9n\u0151 haszn\u00e1latkor az ember a saj\u00e1t nyomjelz\u0151j\u00e9t sem l\u00e1tja. A n\u00f6v\u00e9nyv\u00e9d\u0151 szerekn\u00e9l minden \u00e9vben hangs\u00falyosan felmer\u00fcl az \u00e9jszakai haszn\u00e1latra vonatkoz\u00f3 enged\u00e9ly k\u00e9rd\u00e9se; ez gyakorlatilag okszer\u0171v\u00e9 \u00e9s elengedhetetlenn\u00e9 teszi ezen eszk\u00f6z\u00f6k haszn\u00e1lat\u00e1t. M\u00e1ra eljutottunk oda, hogy munk\u00e1inkat fog\u00e1sban tudjuk v\u00e9gezni, azaz k\u00edm\u00e9lni tudjuk mind az er\u0151-, mind pedig a munkag\u00e9pet att\u00f3l, hogy \u00f6nmaga mell\u00e9 kelljen visszafordulnia.<br \/>\nNem utols\u00f3 sorban eml\u00edten\u00e9m a pil\u00f3ta stressz mentes\u00edt\u00e9s\u00e9t, azaz a figyelemmegoszt\u00e1s\u00e1nak a cs\u00f6kkent\u00e9s\u00e9t.&#8221;<\/p>\n<p>&nbsp;<\/p>\n<div id=\"attachment_115299\" style=\"width: 310px\" class=\"wp-caption alignright\"><a href=\"https:\/\/gazdasagportal.hu\/wp-content\/uploads\/2019\/04\/L\u00e9cser-Kriszti\u00e1n_k.jpg\"><img aria-describedby=\"caption-attachment-115299\" decoding=\"async\" loading=\"lazy\" class=\"size-medium wp-image-115299\" src=\"https:\/\/gazdasagportal.hu\/wp-content\/uploads\/2019\/04\/L\u00e9cser-Kriszti\u00e1n_k-300x243.jpg\" alt=\"\" width=\"300\" height=\"243\" srcset=\"https:\/\/gazdasagportal.hu\/wp-content\/uploads\/2019\/04\/L\u00e9cser-Kriszti\u00e1n_k-300x243.jpg 300w, https:\/\/gazdasagportal.hu\/wp-content\/uploads\/2019\/04\/L\u00e9cser-Kriszti\u00e1n_k.jpg 702w\" sizes=\"(max-width: 300px) 100vw, 300px\" \/><\/a><p id=\"caption-attachment-115299\" class=\"wp-caption-text\">dav<\/p><\/div>\n<p><strong>L\u00e9cser Kriszti\u00e1n E. V., Reg\u00f6ly<\/strong><\/p>\n<p><strong>K\u00e9sz\u00fcl\u00e9k: 2 db LD-Agro UniDrive RTK<\/strong><\/p>\n<p>\u201eAz els\u0151 UniDrive rendszert m\u00e9g 4 \u00e9vvel ezel\u0151tt v\u00e1s\u00e1roltam, de m\u00e1r kor\u00e1bban is volt LD-Agro sorvezet\u0151m. Az\u00f3ta minden \u00e9vben valamit fejlesztek, mert minden munkam\u0171veletn\u00e9l haszn\u00e1lni tudom, a talajm\u0171vel\u00e9st\u0151l kezdve a vegyszerez\u00e9sen \u00e1t a vet\u00e9sig. A fejleszthet\u0151s\u00e9ge \u00e9s rendk\u00edv\u00fcl k\u00f6nny\u0171 \u00e1tszerelhet\u0151s\u00e9ge miatt t\u00f6k\u00e9letes v\u00e1laszt\u00e1snak bizonyult az LD-Agro. Most m\u00e1r 2 g\u00e9pen is van robotpil\u00f3ta, a harmadikon pedig egy LD-Agro sorvezet\u0151 a m\u0171tr\u00e1gyasz\u00f3r\u00e1shoz.\u201d<\/p>\n<p><strong><a href=\"https:\/\/gazdasagportal.hu\/wp-content\/uploads\/2019\/04\/Dr-Bozsik-Imre_k.jpg\"><img decoding=\"async\" loading=\"lazy\" class=\"alignright size-medium wp-image-115300\" src=\"https:\/\/gazdasagportal.hu\/wp-content\/uploads\/2019\/04\/Dr-Bozsik-Imre_k-203x300.jpg\" alt=\"\" width=\"203\" height=\"300\" srcset=\"https:\/\/gazdasagportal.hu\/wp-content\/uploads\/2019\/04\/Dr-Bozsik-Imre_k-203x300.jpg 203w, https:\/\/gazdasagportal.hu\/wp-content\/uploads\/2019\/04\/Dr-Bozsik-Imre_k.jpg 368w\" sizes=\"(max-width: 203px) 100vw, 203px\" \/><\/a>Dr. Bozsik Imre E. V., Cserkesz\u0151l\u0151<\/strong><\/p>\n<p><strong>K\u00e9sz\u00fcl\u00e9k: LD-Agro UniDrive RTK<\/strong><\/p>\n<p>\u201eEls\u0151sorban mi a vet\u00e9shez kerest\u00fcnk nagyon pontos robotpil\u00f3ta rendszert. Nem a legjobbak a f\u00f6ldek errefel\u00e9, rengeteg bajunk volt a nyomjelz\u0151kkel. Az LD-Agro robotpil\u00f3ta n\u00e9lk\u00fcl is egyenesnek t\u0171ntek a sorok, de kor\u00e1ntsem voltak egyenesek. Most nyomjelz\u0151 n\u00e9lk\u00fcl sokkal pontosabban tudunk dolgozni. Sork\u00f6zm\u0171vel\u00e9sn\u00e9l is nagy seg\u00edts\u00e9g, sokkal k\u00f6nnyebben \u201ebeletal\u00e1lunk\u201d a sorba. R\u00e1ad\u00e1sul ha sz\u0171k fordul\u00f3kat kell venni, kor\u00e1bban mindig tolatgatni kellett, ami jelent\u0151s tapos\u00e1st okozott. Most m\u00e1r ak\u00e1r minden harmadik sorra is fordulhatunk, m\u00e9gis pontosak lesznek a csatlakoz\u00f3 sorok. Pontoss\u00e1ga miatt remek v\u00e1laszt\u00e1s volt az LD-Agro robotpil\u00f3ta.\u201d<\/p>\n<p>&nbsp;<\/p>\n<p>&nbsp;<\/p>\n<p><strong><a href=\"https:\/\/gazdasagportal.hu\/wp-content\/uploads\/2019\/04\/Moln\u00e1r-Csaba-1.jpg\"><img decoding=\"async\" loading=\"lazy\" class=\"alignright size-medium wp-image-115301\" src=\"https:\/\/gazdasagportal.hu\/wp-content\/uploads\/2019\/04\/Moln\u00e1r-Csaba-1-169x300.jpg\" alt=\"\" width=\"169\" height=\"300\" srcset=\"https:\/\/gazdasagportal.hu\/wp-content\/uploads\/2019\/04\/Moln\u00e1r-Csaba-1-169x300.jpg 169w, https:\/\/gazdasagportal.hu\/wp-content\/uploads\/2019\/04\/Moln\u00e1r-Csaba-1-768x1365.jpg 768w, https:\/\/gazdasagportal.hu\/wp-content\/uploads\/2019\/04\/Moln\u00e1r-Csaba-1-576x1024.jpg 576w, https:\/\/gazdasagportal.hu\/wp-content\/uploads\/2019\/04\/Moln\u00e1r-Csaba-1.jpg 810w\" sizes=\"(max-width: 169px) 100vw, 169px\" \/><\/a>Moln\u00e1r Csaba E. V., Boldva<\/strong><\/p>\n<p><strong>K\u00e9sz\u00fcl\u00e9k: LD-Agro UniDrive<\/strong><\/p>\n<p>\u201eA robotpil\u00f3ta kiv\u00e1laszt\u00e1s\u00e1n\u00e1l a legf\u0151bb szempont az egyszer\u0171 kezelhet\u0151s\u00e9g volt. Fontos volt tov\u00e1bb\u00e1 az ingyenes kipr\u00f3b\u00e1l\u00e1si lehet\u0151s\u00e9g is, mely sor\u00e1n teljesen meggy\u0151z\u0151dhett\u00fcnk a rendszer haszn\u00e1lat\u00e1r\u00f3l. Legt\u00f6bbsz\u00f6r talajel\u0151k\u00e9sz\u00edt\u00e9sre haszn\u00e1ljuk, kombin\u00e1toroz\u00e1shoz, t\u00e1rcs\u00e1z\u00e1shoz, gr\u00faberez\u00e9shez is. Id\u00e9n vett\u00fcnk egy komolyabb vet\u0151g\u00e9pet, ez\u00e9rt gondolkodunk az RTK-s rendszeren, hogy haszn\u00e1lhassuk vet\u00e9sn\u00e9l is.\u201d<\/p>\n<p>&nbsp;<\/p>\n<p><strong><em><u><a href=\"http:\/\/www.agrogazda.hu\/sorvezeto_es_teruletmero\/kormanyautomatika-robotpilota\/?utm_source=gazdasagportal%2Brobotpil%C3%B3ta%2Bcikk&amp;utm_medium=cikk&amp;utm_campaign=gazdasagportal%2Brobotpil%C3%B3ta%2Bcikk\" target=\"_blank\" rel=\"noopener\">B\u0151vebben az Automata korm\u00e1nyz\u00e1sr\u00f3l, a robotpil\u00f3t\u00e1r\u00f3l, a permetez\u0151 szakaszol\u00f3r\u00f3l, a prec\u00edzi\u00f3s gazd\u00e1lkod\u00e1sr\u00f3l, a prec\u00edzi\u00f3s mez\u0151gazdas\u00e1gr\u00f3l, prec\u00edzi\u00f3s n\u00f6v\u00e9nytermeszt\u00e9sr\u0151l itt!<\/a><\/u><\/em><\/strong><\/p>\n","protected":false},"excerpt":{"rendered":"<p>A robotpil\u00f3ta rendszer nem kis beruh\u00e1z\u00e1s, melyet hosszas d\u00f6nt\u00e9s el\u0151k\u00e9sz\u00edt\u00e9s el\u0151z meg. Szembe kell \u00e1ll\u00edtani a rendszerrel el\u00e9rhet\u0151 hasznot, el\u0151ny\u00f6ket a beruh\u00e1z\u00e1s k\u00f6lts\u00e9g\u00e9vel \u00e9s a m\u00e9rlegnek mindig a j\u00f3 ir\u00e1nyba kell billennie!<\/p>\n","protected":false},"author":1,"featured_media":0,"parent":0,"menu_order":0,"comment_status":"closed","ping_status":"closed","template":"","meta":[],"_links":{"self":[{"href":"https:\/\/gazdasagportal.hu\/index.php\/wp-json\/wp\/v2\/pages\/115288"}],"collection":[{"href":"https:\/\/gazdasagportal.hu\/index.php\/wp-json\/wp\/v2\/pages"}],"about":[{"href":"https:\/\/gazdasagportal.hu\/index.php\/wp-json\/wp\/v2\/types\/page"}],"author":[{"embeddable":true,"href":"https:\/\/gazdasagportal.hu\/index.php\/wp-json\/wp\/v2\/users\/1"}],"replies":[{"embeddable":true,"href":"https:\/\/gazdasagportal.hu\/index.php\/wp-json\/wp\/v2\/comments?post=115288"}],"version-history":[{"count":2,"href":"https:\/\/gazdasagportal.hu\/index.php\/wp-json\/wp\/v2\/pages\/115288\/revisions"}],"predecessor-version":[{"id":115376,"href":"https:\/\/gazdasagportal.hu\/index.php\/wp-json\/wp\/v2\/pages\/115288\/revisions\/115376"}],"wp:attachment":[{"href":"https:\/\/gazdasagportal.hu\/index.php\/wp-json\/wp\/v2\/media?parent=115288"}],"curies":[{"name":"wp","href":"https:\/\/api.w.org\/{rel}","templated":true}]}}