{"id":114702,"date":"2019-04-11T08:52:09","date_gmt":"2019-04-11T06:52:09","guid":{"rendered":"http:\/\/gazdasagportal.hu\/?page_id=114702"},"modified":"2019-04-11T21:47:05","modified_gmt":"2019-04-11T19:47:05","slug":"tavaszi-talajelemzes-talajvizsgalat","status":"publish","type":"page","link":"https:\/\/gazdasagportal.hu\/index.php\/tavaszi-talajelemzes-talajvizsgalat\/","title":{"rendered":"Tavaszi talajelemz\u00e9s, talajvizsg\u00e1lat!"},"content":{"rendered":"<p><strong>A sz\u00e1nt\u00f3f\u00f6ldi gazd\u00e1lkod\u00e1s optim\u00e1lis t\u00e1panyag ut\u00e1np\u00f3tl\u00e1s\u00e1hoz elengedhetetlen a gazd\u00e1lkod\u00f3kt\u00f3l a talajelemz\u00e9s elv\u00e9gz\u00e9se. Ennek hi\u00e1ny\u00e1ban a vet\u00e9sre nem megfelel\u0151en el\u0151k\u00e9sz\u00edtett talajokn\u00e1l jelent\u0151s hozamkies\u00e9sre lehet sz\u00e1m\u00edtani!<\/strong><\/p>\n<p><strong>\u00a0<\/strong><\/p>\n<p><strong>Milyen t\u00e1panyag van a talajban? Mit kell p\u00f3tolni?<\/strong><br \/>\nA legt\u00f6bb n\u00f6v\u00e9nynek a <strong>nitrog\u00e9n, a foszfor \u00e9s a k\u00e1lium<\/strong> (NPK) jelenti a 3 legfontosabb elemet. Ezek mellett m\u00e9g opcion\u00e1lisan m\u00e9rhet\u0151:<\/p>\n<ul>\n<li><a href=\"https:\/\/gazdasagportal.hu\/wp-content\/uploads\/2019\/04\/n\u00f6v\u00e9ny-3-legfontosabb-eleme.jpg\"><img decoding=\"async\" loading=\"lazy\" class=\"alignright size-medium wp-image-115162\" src=\"https:\/\/gazdasagportal.hu\/wp-content\/uploads\/2019\/04\/n\u00f6v\u00e9ny-3-legfontosabb-eleme-300x150.jpg\" alt=\"\" width=\"300\" height=\"150\" srcset=\"https:\/\/gazdasagportal.hu\/wp-content\/uploads\/2019\/04\/n\u00f6v\u00e9ny-3-legfontosabb-eleme-300x150.jpg 300w, https:\/\/gazdasagportal.hu\/wp-content\/uploads\/2019\/04\/n\u00f6v\u00e9ny-3-legfontosabb-eleme.jpg 400w\" sizes=\"(max-width: 300px) 100vw, 300px\" \/><\/a>Amm\u00f3nia<\/li>\n<li>Magn\u00e9zium<\/li>\n<li>Vas<\/li>\n<li>R\u00e9z<\/li>\n<li>Cink<\/li>\n<li>Molibd\u00e9n<\/li>\n<li>Mang\u00e1n<\/li>\n<li>Kl\u00f3r<\/li>\n<li>Szulf\u00e1t<\/li>\n<\/ul>\n<p>A k\u00f6rnyezetk\u00edm\u00e9l\u0151 t\u00e1panyag-gazd\u00e1lkod\u00e1s l\u00e9nyege, hogy a tr\u00e1gy\u00e1kat, term\u00e9sn\u00f6vel\u0151 anyagokat kell\u0151 id\u0151ben \u00e9s mennyis\u00e9gben kell kijuttatni. \u00dagy, hogy a n\u00f6v\u00e9nyek a t\u00e1panyagokat a lehet\u0151 legjobban hasznos\u00edtani tudj\u00e1k. Ez\u00e1ltal a gazd\u00e1lkod\u00e1s sor\u00e1n bek\u00f6vetkez\u0151 t\u00e1panyagvesztes\u00e9gek \u00e9s a k\u00f6rnyezeti elemek \u2013els\u0151 sorban a vizek\u2013 ezzel \u00f6sszef\u00fcgg\u0151 terhel\u00e9se a lehet\u0151s\u00e9gek szerint elker\u00fclhet\u0151 legyen!<\/p><div id=\"gazda-3860938589\" class=\"gazda-tartalomban gazda-entity-placement\"><script async src=\"https:\/\/pagead2.googlesyndication.com\/pagead\/js\/adsbygoogle.js\"><\/script>\r\n<ins class=\"adsbygoogle\"\r\n     style=\"display:block\"\r\n     data-ad-format=\"fluid\"\r\n     data-ad-layout-key=\"-6t+ed+2i-1n-4w\"\r\n     data-ad-client=\"ca-pub-1959107119989764\"\r\n     data-ad-slot=\"4008251320\"><\/ins>\r\n<script>\r\n     (adsbygoogle = window.adsbygoogle || []).push({});\r\n<\/script><\/div>\n<p><strong>\u00a0<\/strong><\/p>\n<p><strong>Talajvizsg\u00e1latkor a leggyakrabban el\u0151fordul\u00f3 t\u00e1panyag hi\u00e1nyok \u00e9s okozatai <\/strong><br \/>\n<a href=\"https:\/\/gazdasagportal.hu\/wp-content\/uploads\/2019\/04\/Foszfor-hi\u00e1ny.jpg\"><img decoding=\"async\" loading=\"lazy\" class=\"alignright size-medium wp-image-115133\" src=\"https:\/\/gazdasagportal.hu\/wp-content\/uploads\/2019\/04\/Foszfor-hi\u00e1ny-300x189.jpg\" alt=\"\" width=\"300\" height=\"189\" srcset=\"https:\/\/gazdasagportal.hu\/wp-content\/uploads\/2019\/04\/Foszfor-hi\u00e1ny-300x189.jpg 300w, https:\/\/gazdasagportal.hu\/wp-content\/uploads\/2019\/04\/Foszfor-hi\u00e1ny.jpg 461w\" sizes=\"(max-width: 300px) 100vw, 300px\" \/><\/a>&#8211; <strong>Nitrog\u00e9n hi\u00e1ny<\/strong>: t\u00f6bbs\u00e9g\u00e9ben az id\u0151sebb leveleken megjelen\u0151 v\u00f6r\u00f6ses sz\u00edn\u00e1rnyalatok mindig a teljes n\u00f6v\u00e9ny vil\u00e1gosabb z\u00f6ld, vagy s\u00e1rga sz\u00edn\u00e9vel j\u00e1rnak egy\u00fctt.<br \/>\n&#8211; <strong>Foszfor hi\u00e1ny<\/strong>: a gabon\u00e1ban a lev\u00e9lcs\u00facs nem merev \u00e9s egyenes tart\u00e1s\u00fa, hanem kiss\u00e9 visszahajlik. Leggyakrabban az id\u0151sebb leveleken jelentkezik csak. A foszfor hi\u00e1ny cs\u00f6kkenti a gabonaf\u00e9l\u00e9k s\u00fct\u0151ipari min\u0151s\u00e9g\u00e9t, g\u00e1tolja a kem\u00e9ny\u00edt\u0151 be\u00e9p\u00fcl\u00e9s\u00e9t a szemekbe.<br \/>\n&#8211; <strong>K\u00e1lium hi\u00e1ny:<\/strong> az id\u0151sebb, als\u00f3 leveleken a levelek cs\u00facs\u00e1t\u00f3l indul\u00f3 s\u00e1rgul\u00e1ssal kezd\u0151dik,\u00a0k\u00e9s\u0151bb a lev\u00e9lerek k\u00f6z\u00f6tti sz\u00f6vetek is elsz\u00e1radnak.<\/p>\n<p>&#8211; <strong>V\u00edz hi\u00e1ny:<\/strong> a v\u00edzhi\u00e1ny \u2013<em>annak m\u00e9rt\u00e9k\u00e9t\u0151l f\u00fcgg\u0151en<\/em>\u2013 a sz\u00e1nt\u00f3f\u00f6ldi n\u00f6v\u00e9ny\u00e1llom\u00e1ny szervesanyag-termel\u00e9s\u00e9t jelent\u0151sen cs\u00f6kkentheti, s\u0151t a n\u00f6v\u00e9ny pusztul\u00e1s\u00e1t is okozhatja.<\/p>\n<p>&#8211; <strong>Nem megfelel\u0151 talaj pH \u00e9rt\u00e9k: <\/strong>a talaj pH sz\u00e9ls\u0151s\u00e9ges ir\u00e1nyokba t\u00f6rt\u00e9n\u0151 elmozdul\u00e1sa\u00a0<em>k\u00f6zvetlen<\/em>\u00a0\u00e9s\u00a0<em>k\u00f6zvetett<\/em>\u00a0m\u00f3don, de minden esetben k\u00e1rosan befoly\u00e1solja a n\u00f6v\u00e9nyek fejl\u0151d\u00e9s\u00e9t.<\/p>\n<p><strong>\u00a0<\/strong><\/p>\n<p><strong>\u00a0<\/strong><\/p>\n<p><strong>Gyorstesztek a sz\u00e1nt\u00f3f\u00f6ld\u00f6n!<\/strong><\/p>\n<p><strong>\u00a0<\/strong><\/p>\n<p><a href=\"https:\/\/gazdasagportal.hu\/wp-content\/uploads\/2019\/04\/Talajelemz\u0151-koffer.jpg\"><img decoding=\"async\" loading=\"lazy\" class=\"alignright size-medium wp-image-115134\" src=\"https:\/\/gazdasagportal.hu\/wp-content\/uploads\/2019\/04\/Talajelemz\u0151-koffer-300x225.jpg\" alt=\"\" width=\"300\" height=\"225\" srcset=\"https:\/\/gazdasagportal.hu\/wp-content\/uploads\/2019\/04\/Talajelemz\u0151-koffer-300x225.jpg 300w, https:\/\/gazdasagportal.hu\/wp-content\/uploads\/2019\/04\/Talajelemz\u0151-koffer-768x576.jpg 768w, https:\/\/gazdasagportal.hu\/wp-content\/uploads\/2019\/04\/Talajelemz\u0151-koffer-1024x768.jpg 1024w\" sizes=\"(max-width: 300px) 100vw, 300px\" \/><\/a>A vet\u00e9s el\u0151tti egyik legfontosabb elemz\u00e9s a <strong>nitrog\u00e9n, foszfor, k\u00e1lium teszt.<\/strong> Azokon a ter\u00fcleteken \u00e9rdemes a talajmintavev\u0151 haszn\u00e1lata, ahol az el\u0151z\u0151 \u00e9vekr\u0151l nitrog\u00e9n maradv\u00e1nnyal lehet sz\u00e1molni (v\u00edzlevezet\u0151 \u00f6sszefoly\u00e1sok stb.), illetve ahol a t\u00e9li csapad\u00e9k, es\u0151z\u00e9s nem mosta ki az \u0151szi tr\u00e1gy\u00e1t. Vagy \u00e9pp ellenkez\u0151leg, ahol biztosan lemosta a t\u00e1panyagokat a term\u0151 ter\u00fcletr\u0151l.<\/p>\n<p>&nbsp;<\/p>\n<p>Talajminta vizsg\u00e1latra a <strong>Talaj nitr\u00e1t m\u00e9r\u0151 koffert<\/strong>, vagy az <strong>Amola mobil talajelemz\u0151 koffert<\/strong> aj\u00e1nljuk, mely megadja a marad\u00e9k nitrog\u00e9n mennyis\u00e9g\u00e9t a gy\u00f6k\u00e9rz\u00f3n\u00e1ban, \u00edgy a termel\u0151k meghat\u00e1rozhatj\u00e1k a termelend\u0151 kult\u00far\u00e1hoz sz\u00fcks\u00e9ges m\u0171tr\u00e1gya mennyis\u00e9g\u00e9t.<\/p>\n<p>&nbsp;<\/p>\n<p><strong><a href=\"http:\/\/www.agrogazda.hu\/talajvizsgalat_es_tapanyag_elemzes\/?utm_source=gazdasagportal%2Btalaj%2Bcikk&amp;utm_medium=cikk&amp;utm_campaign=gazdasagportal%2Btalaj%2Bcikk\" target=\"_blank\" rel=\"noopener\">B\u0151vebben a talajmintavev\u0151kr\u0151l ide kattintva olvashat!<\/a><\/strong><\/p>\n<p>&nbsp;<\/p>\n<p>A talajmint\u00e1kat legal\u00e1bb 30-60 centim\u00e9terr\u0151l kell venni a talajmintavev\u0151vel. A k\u00e9s\u0151 tavaszi teszteket v\u00edz\u00e1ll\u00e1sos, illetve b\u0151 csapad\u00e9kos ter\u00fcleteken v\u00e9gzik. Ekkor elegend\u0151 20-25 cm m\u00e9lys\u00e9gb\u0151l talajminta vizsg\u00e1latot v\u00e9gezni.<\/p>\n<p>&nbsp;<\/p>\n<p>&nbsp;<\/p>\n<p>Ha nem csak a nitrog\u00e9ntartalmat szeretn\u00e9nk meg\u00e1llap\u00edtani, akkor az Amola agr\u00e1r mobil laborral komplett talajvizsg\u00e1latot v\u00e9gezhet\u00fcnk, vagy ak\u00e1r a m\u00e1r megl\u00e9v\u0151 tesztjeinkhez a <strong>Stelzner koffer<\/strong> tartalmazza a sz\u00fcks\u00e9ges eszk\u00f6z\u00f6ket. A csomagok minden eszk\u00f6zt tartalmaznak, amelyre sz\u00fcks\u00e9g van a talajvizsg\u00e1latn\u00e1l, kiv\u00e9ve talajmintavev\u0151t. A megfelel\u0151 minta-el\u0151k\u00e9sz\u00edt\u00e9s ut\u00e1n meg\u00e1llap\u00edthatjuk a talaj \u00f6sszet\u00e9tel\u00e9t a vizsg\u00e1lt makro- \u00e9s mikroelemek f\u00fcggv\u00e9ny\u00e9ben.<\/p>\n<p><strong><br \/>\n<a href=\"http:\/\/www.agrogazda.hu\/talajvizsgalat_es_tapanyag_elemzes\/?utm_source=gazdasagportal%2Btalaj%2Bcikk&amp;utm_medium=cikk&amp;utm_campaign=gazdasagportal%2Btalaj%2Bcikk\" target=\"_blank\" rel=\"noopener\">B\u0151vebben a talajkoffer, talajelemz\u0151 szettr\u0151l ide kattintva olvashat!<\/a><\/strong><\/p>\n<p><strong><a href=\"https:\/\/gazdasagportal.hu\/wp-content\/uploads\/2019\/04\/koffert.jpg\"><img decoding=\"async\" loading=\"lazy\" class=\"aligncenter size-large wp-image-115135\" src=\"https:\/\/gazdasagportal.hu\/wp-content\/uploads\/2019\/04\/koffert-1024x393.jpg\" alt=\"\" width=\"620\" height=\"238\" srcset=\"https:\/\/gazdasagportal.hu\/wp-content\/uploads\/2019\/04\/koffert-1024x393.jpg 1024w, https:\/\/gazdasagportal.hu\/wp-content\/uploads\/2019\/04\/koffert-300x115.jpg 300w, https:\/\/gazdasagportal.hu\/wp-content\/uploads\/2019\/04\/koffert-768x295.jpg 768w, https:\/\/gazdasagportal.hu\/wp-content\/uploads\/2019\/04\/koffert.jpg 1274w\" sizes=\"(max-width: 620px) 100vw, 620px\" \/><\/a><\/strong><strong>\u00a0<\/strong><\/p>\n<p>&nbsp;<\/p>\n<p><strong>A talajnedvess\u00e9g folyamatos vizsg\u00e1lat\u00e1nak sz\u00fcks\u00e9gess\u00e9ge <\/strong><\/p>\n<p>&nbsp;<\/p>\n<p><a href=\"https:\/\/gazdasagportal.hu\/wp-content\/uploads\/2019\/04\/Talajnedvess\u00e9g-m\u00e9r\u00e9s.jpg\"><img decoding=\"async\" loading=\"lazy\" class=\"alignright size-medium wp-image-115136\" src=\"https:\/\/gazdasagportal.hu\/wp-content\/uploads\/2019\/04\/Talajnedvess\u00e9g-m\u00e9r\u00e9s-300x225.jpg\" alt=\"\" width=\"300\" height=\"225\" srcset=\"https:\/\/gazdasagportal.hu\/wp-content\/uploads\/2019\/04\/Talajnedvess\u00e9g-m\u00e9r\u00e9s-300x225.jpg 300w, https:\/\/gazdasagportal.hu\/wp-content\/uploads\/2019\/04\/Talajnedvess\u00e9g-m\u00e9r\u00e9s-768x576.jpg 768w, https:\/\/gazdasagportal.hu\/wp-content\/uploads\/2019\/04\/Talajnedvess\u00e9g-m\u00e9r\u00e9s-1024x768.jpg 1024w\" sizes=\"(max-width: 300px) 100vw, 300px\" \/><\/a>Egyik legf\u0151bb l\u00e9p\u00e9sk\u00e9nt nem \u00e1rt, ha folyamatosan vizsg\u00e1ljuk term\u0151f\u00f6ld\u00fcnk v\u00edzh\u00e1ztart\u00e1s\u00e1t egy talajnedvess\u00e9g m\u00e9r\u0151vel. Egy asz\u00e1lyos id\u0151szak szemmel is j\u00f3l l\u00e1that\u00f3 k\u00e1rokat okoz minden term\u00e9nyben, de egyes kult\u00far\u00e1k k\u00fcl\u00f6n\u00f6s odafigyel\u00e9st ig\u00e9nyelnek a megfelel\u0151 talajnedvess\u00e9g megtart\u00e1sa \u00e9rdek\u00e9ben.<\/p>\n<p>&nbsp;<\/p>\n<p>Egy <strong>SMM-1 talaj nedvess\u00e9gm\u00e9r\u0151vel<\/strong> az \u00e9ltet\u0151 v\u00edz mennyis\u00e9ge 0-50%-os m\u00e9r\u00e9shat\u00e1rig m\u00e9rhet\u0151 a term\u0151f\u00f6ldben. Kompakt m\u00e9retei \u00e9s az elemes \u00fczemeltet\u00e9s hosszabb t\u00e1v\u00fa, mobilis haszn\u00e1latot is lehet\u0151v\u00e9 tesz, stabil \u00e9s v\u00edz\u00e1ll\u00f3 burkolata pedig megv\u00e9di a bels\u0151 alkatr\u00e9szeket a k\u00f6rnyezeti hat\u00e1sokt\u00f3l.\u00a0A talajnedvess\u00e9g m\u00e9r\u0151 adatt\u00e1rol\u00e1si funkci\u00f3j\u00e1val lehet\u0151s\u00e9g van a maximum \u00e9s minimum \u00e9rt\u00e9kek visszakeres\u00e9s\u00e9re az adott munkafolyamatban, az SMM-1 talajnedvess\u00e9g m\u00e9r\u0151 haszn\u00e1lata pofonegyszer\u0171!<br \/>\n<strong><a href=\"http:\/\/www.agrogazda.hu\/talajvizsgalat_es_tapanyag_elemzes\/?utm_source=gazdasagportal%2Btalaj%2Bcikk&amp;utm_medium=cikk&amp;utm_campaign=gazdasagportal%2Btalaj%2Bcikk\" target=\"_blank\" rel=\"noopener\">B\u0151vebben a talaj nedvess\u00e9gm\u00e9r\u0151kr\u0151l ide kattintva olvashat!<\/a><\/strong><\/p>\n<p>&nbsp;<\/p>\n<p><strong>\u00a0<\/strong><\/p>\n<p><strong>Komoly fejl\u0151d\u00e9si rendelleness\u00e9g tapasztalhat\u00f3, ha a term\u00e9nynek nem megfelel\u0151 a term\u0151talaj pH-ja!<\/strong><\/p>\n<p><strong>\u00a0<\/strong><\/p>\n<p>A n\u00f6v\u00e9nyek a talaj pH \u00e9rt\u00e9k\u00e9re is elt\u00e9r\u0151en reag\u00e1lnak: egyes kult\u00far\u00e1k a kiss\u00e9 savas, m\u00e1sok a kiss\u00e9 l\u00fagos k\u00e9mhat\u00e1st kedvelik. Ez\u00e9rt igen fontos t\u00e9nyez\u0151 a term\u0151f\u00f6ldek savass\u00e1g\u00e1nak meg\u00e1llap\u00edt\u00e1sa egy pontos talaj pH m\u00e9r\u0151vel. \u00c1ltal\u00e1ban a semleges talaj pH \u00e9rt\u00e9ke (pH=6-7) felel meg a n\u00f6v\u00e9nytermeszt\u00e9s \u00e1ltal\u00e1nos felt\u00e9teleinek. A hazai talajok pH \u00e9rt\u00e9ke \u00e1ltal\u00e1ban magas.<\/p>\n<p>&nbsp;<\/p>\n<p>K\u00e9tf\u00e9le m\u00f3don is m\u00e9rhetj\u00fck ezt egy talaj pH m\u00e9r\u0151 seg\u00edts\u00e9g\u00e9vel: a f\u00f6ldb\u0151l oldatot k\u00e9sz\u00edtve, vagy ak\u00e1r az erre alkalmas talaj pH m\u00e9r\u0151 szond\u00e1j\u00e1t \u00f3vatosan f\u00f6ldbe sz\u00farva k\u00f6zvetlen\u00fcl is megm\u00e9rhetj\u00fck a talaj pH \u00e9rt\u00e9k\u00e9t.<\/p>\n<p>Termesztett n\u00f6v\u00e9nyeink alapvet\u0151en a\u00a0<strong>gyeng\u00e9n savany\u00fa \u2013 semleges<\/strong>\u00a0(<strong>pH 5,5-6,5<\/strong>) k\u00e9mhat\u00e1s\u00fa talajokon termeszthet\u0151k j\u00f6vedelmez\u0151en. A k\u00f6vetkez\u0151 t\u00e1bl\u00e1zat a fontosabb kult\u00farn\u00f6v\u00e9nyek termeszthet\u0151s\u00e9g\u00e9nek pH \u00e1ltal megszabott korl\u00e1tait (<em>termeszthet\u0151s\u00e9gi tartom\u00e1ny<\/em>) \u00e9s az adott n\u00f6v\u00e9ny fejl\u0151d\u00e9s\u00e9hez legide\u00e1lisabb k\u00e9mhat\u00e1st (<em>pH optimum<\/em>) foglalja \u00f6ssze:<\/p>\n<p>&nbsp;<\/p>\n<table width=\"324\">\n<tbody>\n<tr>\n<td colspan=\"2\" width=\"228\"><strong>Termeszthet\u0151s\u00e9gi tartom\u00e1ny<\/strong><\/td>\n<td width=\"96\"><strong>PH optimum<\/strong><\/td>\n<\/tr>\n<tr>\n<td width=\"144\"><strong>sz\u00f3ja<\/strong><\/td>\n<td width=\"84\">5,5 \u2013 7,0<\/td>\n<td width=\"96\">6,3<\/td>\n<\/tr>\n<tr>\n<td width=\"144\"><strong>kukorica<\/strong><\/td>\n<td width=\"84\">5,5 \u2013 7,0<\/td>\n<td width=\"96\">6,3<\/td>\n<\/tr>\n<tr>\n<td width=\"144\"><strong>lucerna<\/strong><\/td>\n<td width=\"84\">6,5 \u2013 7,9<\/td>\n<td width=\"96\">7,5<\/td>\n<\/tr>\n<tr>\n<td width=\"144\"><strong>napraforg\u00f3<\/strong><\/td>\n<td width=\"84\">6,0 \u2013 7,5<\/td>\n<td width=\"96\">6,8<\/td>\n<\/tr>\n<tr>\n<td width=\"144\"><strong>\u00e1rpa<\/strong><\/td>\n<td width=\"84\">5,2 \u2013 7,8<\/td>\n<td width=\"96\">7,2<\/td>\n<\/tr>\n<tr>\n<td width=\"144\"><strong>cukorr\u00e9pa<\/strong><\/td>\n<td width=\"84\">6,1 \u2013 7,8<\/td>\n<td width=\"96\">6,7<\/td>\n<\/tr>\n<tr>\n<td width=\"144\"><strong>b\u00faza<\/strong><\/td>\n<td width=\"84\">4,1 \u2013 7,8<\/td>\n<td width=\"96\">6,6<\/td>\n<\/tr>\n<tr>\n<td width=\"144\"><strong>bors\u00f3<\/strong><\/td>\n<td width=\"84\">5,0 \u2013 7,6<\/td>\n<td width=\"96\">6,6<\/td>\n<\/tr>\n<tr>\n<td width=\"144\"><strong>repce<\/strong><\/td>\n<td width=\"84\">5,2 \u2013 7,5<\/td>\n<td width=\"96\">6,4<\/td>\n<\/tr>\n<tr>\n<td width=\"144\"><strong>zab<\/strong><\/td>\n<td width=\"84\">4,0 \u2013 7,3<\/td>\n<td width=\"96\">5,8<\/td>\n<\/tr>\n<tr>\n<td width=\"144\"><strong>burgonya<\/strong><\/td>\n<td width=\"84\">4,0 \u2013 8,0<\/td>\n<td width=\"96\">5,2<\/td>\n<\/tr>\n<tr>\n<td width=\"144\"><strong>rozs<\/strong><\/td>\n<td width=\"84\">4,0 \u2013 6,6<\/td>\n<td width=\"96\">5,5<\/td>\n<\/tr>\n<tr>\n<td width=\"144\"><strong>v\u00f6r\u00f6s here<\/strong><\/td>\n<td width=\"84\">5,0 \u2013 7,2<\/td>\n<td width=\"96\">6,7<\/td>\n<\/tr>\n<\/tbody>\n<\/table>\n<p>&nbsp;<\/p>\n<p><strong><a href=\"http:\/\/www.agrogazda.hu\/talajvizsgalat_es_tapanyag_elemzes\/?utm_source=gazdasagportal%2Btalaj%2Bcikk&amp;utm_medium=cikk&amp;utm_campaign=gazdasagportal%2Btalaj%2Bcikk\" target=\"_blank\" rel=\"noopener\">B\u0151vebben a talaj pH m\u00e9r\u0151 m\u0171szerekr\u0151l itt olvashat!<\/a><\/strong><\/p>\n<p><strong>\u00a0<\/strong><\/p>\n<p><strong><a href=\"https:\/\/gazdasagportal.hu\/wp-content\/uploads\/2019\/04\/LD-Agro-penetrom\u00e9ter-3.jpg\"><img decoding=\"async\" loading=\"lazy\" class=\"alignright size-medium wp-image-115137\" src=\"https:\/\/gazdasagportal.hu\/wp-content\/uploads\/2019\/04\/LD-Agro-penetrom\u00e9ter-3-244x300.jpg\" alt=\"\" width=\"244\" height=\"300\" srcset=\"https:\/\/gazdasagportal.hu\/wp-content\/uploads\/2019\/04\/LD-Agro-penetrom\u00e9ter-3-244x300.jpg 244w, https:\/\/gazdasagportal.hu\/wp-content\/uploads\/2019\/04\/LD-Agro-penetrom\u00e9ter-3.jpg 497w\" sizes=\"(max-width: 244px) 100vw, 244px\" \/><\/a>Sz\u00e1nt\u00e1s, talajlaz\u00edt\u00e1s el\u0151tt penetrom\u00e9terrel meg kell vizsg\u00e1lnunk a talajban hol vannak v\u00edzz\u00e1r\u00f3 r\u00e9tegek, mennyire k\u00f6t\u00f6tt talaj, teh\u00e1t a talaj szerkezet\u00e9t. Ennek hi\u00e1ny\u00e1ban a nem megfelel\u0151 eketalp be\u00e1ll\u00edt\u00e1ssal rengeteg p\u00e9nzt elpazarolhatunk talajm\u0171vel\u00e9skor!<\/strong><\/p>\n<p><strong>\u00a0<\/strong><\/p>\n<p>A t\u00fals\u00e1gosan k\u00f6t\u00f6tt talajb\u00f3l a n\u00f6v\u00e9nyek csak korl\u00e1tozottan tudj\u00e1k felvenni a vizet \u00e9s a t\u00e1panyagokat, illetve a leveg\u0151 is kev\u00e9sb\u00e9 tud cser\u00e9l\u0151dni a k\u00f6t\u00f6tt talaj r\u00e9szecsk\u00e9i k\u00f6z\u00f6tt. A talaj a talaj szerkezete vizsg\u00e1latakor a t\u00f6m\u00f6rebb szintek m\u00e9lys\u00e9g\u00e9t is nagyon fontos megm\u00e9rn\u00fcnk, nem csak a t\u00f6m\u00f6rs\u00e9gi szintet!<\/p>\n<p>&nbsp;<\/p>\n<p>Egy modern gazdabot, azaz <strong>penetrom\u00e9ter<\/strong> seg\u00edts\u00e9g\u00e9vel k\u00f6nnyen meg\u00e1llap\u00edthat\u00f3 a talajvizsg\u00e1lat sor\u00e1n a talaj szerkezete \u00e9s a z\u00e1r\u00f3r\u00e9tegek m\u00e9lys\u00e9ge is. A penetrom\u00e9terrel a talajvizsg\u00e1lat rendk\u00edv\u00fcl gyors \u00e9s egyszer\u0171: a markolat\u00e1n\u00e1l fogva belesz\u00farjuk a talajba, majd a kijelz\u0151r\u0151l a sz\u00ednsk\u00e1la seg\u00edts\u00e9g\u00e9vel leolvashatjuk a talaj aktu\u00e1lis \u00e1llapot\u00e1t, a sz\u00e1r\u00e1n pedig m\u00e9rhetj\u00fck a r\u00e9tegek m\u00e9lys\u00e9g\u00e9t. A talajt\u00f6m\u00f6rs\u00e9g vizsg\u00e1l\u00f3 k\u00e9t heggyel \u00e9s ennek megfelel\u0151en k\u00e9t sk\u00e1l\u00e1val van ell\u00e1tva: kem\u00e9nyebb talajhoz \u00e9s puha talajhoz is. A talaj szerkezet\u00e9nek vizsg\u00e1lat\u00e1t a talajminta v\u00e9tellel \u00f6ssze lehet hangolni.<br \/>\n<strong><a href=\"http:\/\/www.agrogazda.hu\/talajvizsgalat_es_tapanyag_elemzes\/?utm_source=gazdasagportal%2Btalaj%2Bcikk&amp;utm_medium=cikk&amp;utm_campaign=gazdasagportal%2Btalaj%2Bcikk\" target=\"_blank\" rel=\"noopener\">B\u0151vebben a penetrom\u00e9terr\u0151l ide kattintva olvashat!<\/a><\/strong><\/p>\n<p>&nbsp;<\/p>\n<p><strong>Manaps\u00e1g a pontoss\u00e1g \u00e9s a mobilit\u00e1s elengedhetetlen a term\u0151f\u00f6ld min\u0151s\u00e9g\u00e9nek meg\u00e1llap\u00edt\u00e1s\u00e1ban, a t\u00e1panyagig\u00e9ny felm\u00e9r\u00e9s\u00e9ben. A korszer\u0171 m\u0171szerek a biztos n\u00f6v\u00e9nytermeszt\u00e9s \u00e9s az elismert gazdas\u00e1gi siker garanci\u00e1ja!<\/strong><\/p>\n<p><strong>\u00a0<\/strong><\/p>\n","protected":false},"excerpt":{"rendered":"<p>A sz\u00e1nt\u00f3f\u00f6ldi gazd\u00e1lkod\u00e1s optim\u00e1lis t\u00e1panyag ut\u00e1np\u00f3tl\u00e1s\u00e1hoz elengedhetetlen a gazd\u00e1lkod\u00f3kt\u00f3l a talajelemz\u00e9s elv\u00e9gz\u00e9se. Ennek hi\u00e1ny\u00e1ban a vet\u00e9sre nem megfelel\u0151en el\u0151k\u00e9sz\u00edtett talajokn\u00e1l jelent\u0151s hozamkies\u00e9sre lehet sz\u00e1m\u00edtani! \u00a0 Milyen t\u00e1panyag van a talajban? Mit kell p\u00f3tolni? A legt\u00f6bb n\u00f6v\u00e9nynek a nitrog\u00e9n, a foszfor \u00e9s a k\u00e1lium (NPK) jelenti a 3 legfontosabb elemet. Ezek mellett m\u00e9g opcion\u00e1lisan m\u00e9rhet\u0151: Amm\u00f3nia &#8230;<\/p>\n","protected":false},"author":1,"featured_media":0,"parent":0,"menu_order":0,"comment_status":"closed","ping_status":"closed","template":"","meta":[],"_links":{"self":[{"href":"https:\/\/gazdasagportal.hu\/index.php\/wp-json\/wp\/v2\/pages\/114702"}],"collection":[{"href":"https:\/\/gazdasagportal.hu\/index.php\/wp-json\/wp\/v2\/pages"}],"about":[{"href":"https:\/\/gazdasagportal.hu\/index.php\/wp-json\/wp\/v2\/types\/page"}],"author":[{"embeddable":true,"href":"https:\/\/gazdasagportal.hu\/index.php\/wp-json\/wp\/v2\/users\/1"}],"replies":[{"embeddable":true,"href":"https:\/\/gazdasagportal.hu\/index.php\/wp-json\/wp\/v2\/comments?post=114702"}],"version-history":[{"count":3,"href":"https:\/\/gazdasagportal.hu\/index.php\/wp-json\/wp\/v2\/pages\/114702\/revisions"}],"predecessor-version":[{"id":115164,"href":"https:\/\/gazdasagportal.hu\/index.php\/wp-json\/wp\/v2\/pages\/114702\/revisions\/115164"}],"wp:attachment":[{"href":"https:\/\/gazdasagportal.hu\/index.php\/wp-json\/wp\/v2\/media?parent=114702"}],"curies":[{"name":"wp","href":"https:\/\/api.w.org\/{rel}","templated":true}]}}