{"id":113613,"date":"2019-02-14T14:34:51","date_gmt":"2019-02-14T13:34:51","guid":{"rendered":"http:\/\/gazdasagportal.hu\/?page_id=113613"},"modified":"2019-02-15T14:17:38","modified_gmt":"2019-02-15T13:17:38","slug":"saalbachhinterglemm-siterepe-vonzza-a-befektetoket","status":"publish","type":"page","link":"https:\/\/gazdasagportal.hu\/index.php\/saalbachhinterglemm-siterepe-vonzza-a-befektetoket\/","title":{"rendered":"Saalbach\/Hinterglemm s\u00edterepe vonzza a befektet\u0151ket"},"content":{"rendered":"<p><strong>A h\u00edres Skicircus Saalbach Hinterglemm Leogang Fieberbrunn alpesi s\u00edterep vonzza az ingatlan befektet\u0151ket. 2023-ig l\u00e9trej\u00f6n a vil\u00e1gh\u00edr\u0171 Zell am See\/Kaprun gleccser k\u00f6zpontj\u00e1val val\u00f3 \u00f6sszekapcsol\u00e1s. Ezzel Ausztria legnagyobb \u00f6sszekapcsolt s\u00edterepe keletkezik, ahol a s\u00edel\u0151kre t\u00f6bb mint 400 kilom\u00e9ter s\u00edp\u00e1lya v\u00e1r majd. \u00a0<\/strong><!--more--><\/p>\n<p>&nbsp;<\/p>\n<p><strong>Az Alpokban n\u00f6vekszik a m\u00e1sodik otthon ir\u00e1nti \u00e9rdekl\u0151d\u00e9s<\/strong><\/p><div id=\"gazda-1475466216\" class=\"gazda-tartalomban gazda-entity-placement\"><script async src=\"https:\/\/pagead2.googlesyndication.com\/pagead\/js\/adsbygoogle.js\"><\/script>\r\n<ins class=\"adsbygoogle\"\r\n     style=\"display:block\"\r\n     data-ad-format=\"fluid\"\r\n     data-ad-layout-key=\"-6t+ed+2i-1n-4w\"\r\n     data-ad-client=\"ca-pub-1959107119989764\"\r\n     data-ad-slot=\"4008251320\"><\/ins>\r\n<script>\r\n     (adsbygoogle = window.adsbygoogle || []).push({});\r\n<\/script><\/div>\n<p>Ezek a tervezett v\u00e1ltoz\u00e1sok meger\u0151s\u00edtik Saalbach\/Hinterglemm poz\u00edci\u00f3j\u00e1t, mint az Alpok egyik TOP c\u00e9lpontj\u00e1t \u2013 a turist\u00e1k \u00e9s befektet\u0151k sz\u00e1m\u00e1ra egyar\u00e1nt. Nagyon sok magyar t\u00f6lti t\u00e9li \u00fcd\u00fcl\u00e9s\u00e9t az osztr\u00e1k Alpokban. F\u0151leg a k\u00f6zels\u00e9ge, a kiv\u00e1l\u00f3 min\u0151s\u00e9g\u0171 szolg\u00e1ltat\u00e1sok \u00e9s a k\u00fcl\u00f6nf\u00e9le tev\u00e9kenys\u00e9gek miatt. Tov\u00e1bb\u00e1 egyre t\u00f6bb az olyan befektet\u0151, aki itt v\u00e1s\u00e1rol ingatlant, a t\u00e1voll\u00e9t\u00e9ben pedig azt kiadja.<\/p>\n<p>Ezt Forg\u00e1cs P\u00e9ter, a k\u00fclf\u00f6ldi ingatlanok \u00e9rt\u00e9kes\u00edt\u00e9s\u00e9re szakosodott <strong><a href=\"https:\/\/www.rellox.hu\/\" target=\"_blank\" rel=\"noopener noreferrer\">Rellox<\/a><\/strong> t\u00e1rsas\u00e1g \u00e9rt\u00e9kes\u00edt\u00e9si menedzsere is meger\u0151s\u00edtette. \u201e Most van a f\u0151 s\u00edszezon, ebben az id\u0151szakban n\u00f6vekszik a magyar befektet\u0151k alpesi ingatlanok ir\u00e1nti \u00e9rdekl\u0151d\u00e9se. Minden \u00e9vben t\u00f6bb magyar befektet\u0151 \u00e9rdekl\u0151dik alpesi ingatlanok ir\u00e1nt, akik az \u00fcd\u00fcl\u00e9s\u00fcket \u00f6sszek\u00f6tik a kiv\u00e1lasztott ingatlanok megtekint\u00e9s\u00e9vel. A mi \u00fcgyfeleink t\u00f6bbnyire csal\u00e1dok, akik az \u00fcd\u00fcl\u00e9s\u00fcket a saj\u00e1tjukban szeretn\u00e9k t\u00f6lteni, az \u00e9v tov\u00e1bbi r\u00e9sz\u00e9ben pedig az ingatlant b\u00e9rbe szeretn\u00e9k adni.\u201d<\/p>\n<p><a href=\"https:\/\/gazdasagportal.hu\/wp-content\/uploads\/2019\/02\/1-1.jpg\"><img decoding=\"async\" loading=\"lazy\" class=\"aligncenter size-full wp-image-113614\" src=\"https:\/\/gazdasagportal.hu\/wp-content\/uploads\/2019\/02\/1-1.jpg\" alt=\"\" width=\"1500\" height=\"1125\" srcset=\"https:\/\/gazdasagportal.hu\/wp-content\/uploads\/2019\/02\/1-1.jpg 1500w, https:\/\/gazdasagportal.hu\/wp-content\/uploads\/2019\/02\/1-1-300x225.jpg 300w, https:\/\/gazdasagportal.hu\/wp-content\/uploads\/2019\/02\/1-1-768x576.jpg 768w, https:\/\/gazdasagportal.hu\/wp-content\/uploads\/2019\/02\/1-1-1024x768.jpg 1024w\" sizes=\"(max-width: 1500px) 100vw, 1500px\" \/><\/a><\/p>\n<p style=\"text-align: center;\"><em>Elad\u00f3 4* apartmanok a h\u00edres Saalbach\/Hinterglemm s\u00edterep\u00e9ben<\/em><\/p>\n<p><strong>Az osztr\u00e1k Alpokban fekv\u0151 ingatlanok tov\u00e1bbi b\u00e9rbead\u00e1s\u00e1val k\u00f6r\u00fclbel\u00fcl 4%-os \u00e9ves hozamok \u00e9rhet\u0151k el<\/strong><\/p>\n<p>Az ingatlanfejleszt\u0151k reag\u00e1lnak a r\u00e9gi\u00f3ban fekv\u0151 ingatlanok ir\u00e1nti n\u00f6vekv\u0151 keresletre, \u00edgy gazdag h\u00e1tt\u00e9rrel \u00e9s szolg\u00e1ltat\u00e1sokkal rendelkez\u0151 apartman hoteleket \u00e9p\u00edtenek, amelyekben a befektet\u0151k sz\u00e1m\u00e1ra \u00e9rdekes fel\u00e9rt\u00e9kel\u0151d\u00e9seket \u00edg\u00e9rnek. \u201e A b\u00e9rbead\u00e1sb\u00f3l sz\u00e1rmaz\u00f3 hozamok magass\u00e1ga k\u00f6r\u00fclbel\u00fcl 4% &#8211; az ingatlan v\u00e9tel\u00e1r\u00e1b\u00f3l sz\u00e1m\u00edtva, a m\u0171k\u00f6d\u00e9si k\u00f6lts\u00e9gek levon\u00e1sa ut\u00e1n \u00e9s ad\u00f3z\u00e1s el\u0151tt,\u201d tette hozz\u00e1 Forg\u00e1cs P\u00e9ter.<\/p>\n<p><a href=\"https:\/\/gazdasagportal.hu\/wp-content\/uploads\/2019\/02\/2.jpg\"><img decoding=\"async\" loading=\"lazy\" class=\"aligncenter size-full wp-image-113615\" src=\"https:\/\/gazdasagportal.hu\/wp-content\/uploads\/2019\/02\/2.jpg\" alt=\"\" width=\"1500\" height=\"1125\" srcset=\"https:\/\/gazdasagportal.hu\/wp-content\/uploads\/2019\/02\/2.jpg 1500w, https:\/\/gazdasagportal.hu\/wp-content\/uploads\/2019\/02\/2-300x225.jpg 300w, https:\/\/gazdasagportal.hu\/wp-content\/uploads\/2019\/02\/2-768x576.jpg 768w, https:\/\/gazdasagportal.hu\/wp-content\/uploads\/2019\/02\/2-1024x768.jpg 1024w\" sizes=\"(max-width: 1500px) 100vw, 1500px\" \/><\/a><\/p>\n<p style=\"text-align: center;\"><em>Sz\u00e1llodai t\u00edpus\u00fa szolg\u00e1ltat\u00e1sok, spa, wellness, recepci\u00f3, b\u00e1r \u00e9tterem<\/em><\/p>\n<p><strong>Elad\u00f3 luxus apartmanok Hinterglemm k\u00f6zpontj\u00e1ban<\/strong><\/p>\n<p>2019 tavasz\u00e1n kezdik Hinterglemm k\u00f6zpontj\u00e1ban \u00e9p\u00edteni ezeket a gy\u00f6ny\u00f6r\u0171 <strong><a href=\"https:\/\/www.rellox.hu\/uj-4-csillagos-apartmanok-a-ski-circus-teruleten\" target=\"_blank\" rel=\"noopener noreferrer\">4* apartmanokat<\/a><\/strong>. V\u00e1rhat\u00f3 befejez\u00e9s 2020 december\u00e9re van tervezve. A l\u00e9tes\u00edtm\u00e9nyben 2 \u00e9tterem, fitnesz, spa, szaun\u00e1k \u00e9s medence is megtal\u00e1lhat\u00f3 majd. Az apartmanok mag\u00e1ntulajdonba ker\u00fclnek \u00e9rt\u00e9kes\u00edt\u00e9sre, azonban a ter\u00fcletrendez\u00e9si terv szerint r\u00e9szleges saj\u00e1t haszn\u00e1lat \u00e9s tov\u00e1bbi b\u00e9rbead\u00e1s kombin\u00e1ci\u00f3j\u00e1ra vannak tervezve. Ez a koncepci\u00f3 lehet\u0151v\u00e9 teszi az ingatlan \u00c1FA n\u00e9lk\u00fcli megv\u00e9tel\u00e9t, a befektet\u0151 \u00edgy 20%-ot takar\u00edt meg az ingatlan v\u00e9tel\u00e1r\u00e1b\u00f3l sz\u00e1m\u00edtva. \u00c1rak m\u00e1r nett\u00f3 219\u00a0900 eur\u00f3t\u00f3l.<\/p>\n<p><strong>Saj\u00e1t haszn\u00e1lat \u00e9s tov\u00e1bbi b\u00e9rbead\u00e1s kombin\u00e1ci\u00f3j\u00e1ra tervezett m\u00e1sodik otthon<\/strong> \u2013 Hinterglemm faluj\u00e1ban \u00e9p\u00fcl\u0151 projekt ezt a vil\u00e1gszerte ismert ir\u00e1nyzatot k\u00f6veti. \u201eAz apartman tulajdonosai n\u00e9h\u00e1ny h\u00e9tig az \u00e9v folyam\u00e1n \u00e9lvezik az alpesi \u00fcd\u00fcl\u00e9s\u00fcket, az \u00e9v h\u00e1tralev\u0151 r\u00e9sz\u00e9ben pedig az ingatlant turist\u00e1knak adj\u00e1k b\u00e9rbe. Term\u00e9szetesen biztos\u00edtva vannak az ingatlan kezel\u00e9s\u00e9vel \u00e9s annak b\u00e9rbead\u00e1s\u00e1val kapcsolatos szolg\u00e1ltat\u00e1sok. A legt\u00f6bb magyar \u00fcgyf\u00e9l sz\u00e1m\u00e1ra ez az ide\u00e1lis befektet\u00e9si lehet\u0151s\u00e9g. <strong>Osztr\u00e1k alpesi ingatlanok<\/strong> &#8211; kiv\u00e1l\u00f3 likvidit\u00e1ssal \u00e9s hossz\u00fa t\u00e1v\u00fa enyhe n\u00f6veked\u00e9ssel rendelkez\u0151 stabil ingatlanszegmens.<\/p>\n<p><a href=\"https:\/\/www.rellox.hu\/ausztriai-ingatlankinalat\" target=\"_blank\" rel=\"noopener noreferrer\">Leg\u00e9rdekesebb ingatlanprojektek az osztr\u00e1k Alpokban<\/a><\/p>\n<p style=\"text-align: center;\"><a href=\"https:\/\/gazdasagportal.hu\/wp-content\/uploads\/2019\/02\/3.jpg\"><img decoding=\"async\" loading=\"lazy\" class=\"aligncenter size-full wp-image-113616\" src=\"https:\/\/gazdasagportal.hu\/wp-content\/uploads\/2019\/02\/3.jpg\" alt=\"\" width=\"1500\" height=\"1125\" srcset=\"https:\/\/gazdasagportal.hu\/wp-content\/uploads\/2019\/02\/3.jpg 1500w, https:\/\/gazdasagportal.hu\/wp-content\/uploads\/2019\/02\/3-300x225.jpg 300w, https:\/\/gazdasagportal.hu\/wp-content\/uploads\/2019\/02\/3-768x576.jpg 768w, https:\/\/gazdasagportal.hu\/wp-content\/uploads\/2019\/02\/3-1024x768.jpg 1024w\" sizes=\"(max-width: 1500px) 100vw, 1500px\" \/><\/a><em>Az apartmanok saj\u00e1t haszn\u00e1lat \u00e9s tov\u00e1bbi b\u00e9rbead\u00e1s kombin\u00e1ci\u00f3j\u00e1ra \u00e9p\u00fcltek. Tov\u00e1bbi inform\u00e1ci\u00f3kat szeretne? K\u00e9rj\u00fck, vegye fel vel\u00fcnk a <strong><a href=\"https:\/\/www.rellox.hu\/kapcsolat\" target=\"_blank\" rel=\"noopener noreferrer\">kapcsolatot<\/a><\/strong>.<\/em><\/p>\n","protected":false},"excerpt":{"rendered":"<p>A h\u00edres Skicircus Saalbach Hinterglemm Leogang Fieberbrunn alpesi s\u00edterep vonzza az ingatlan befektet\u0151ket. 2023-ig l\u00e9trej\u00f6n a vil\u00e1gh\u00edr\u0171 Zell am See\/Kaprun gleccser k\u00f6zpontj\u00e1val val\u00f3 \u00f6sszekapcsol\u00e1s. Ezzel Ausztria legnagyobb \u00f6sszekapcsolt s\u00edterepe keletkezik, ahol a s\u00edel\u0151kre t\u00f6bb mint 400 kilom\u00e9ter s\u00edp\u00e1lya v\u00e1r majd. \u00a0<\/p>\n","protected":false},"author":1,"featured_media":0,"parent":0,"menu_order":0,"comment_status":"closed","ping_status":"closed","template":"","meta":[],"_links":{"self":[{"href":"https:\/\/gazdasagportal.hu\/index.php\/wp-json\/wp\/v2\/pages\/113613"}],"collection":[{"href":"https:\/\/gazdasagportal.hu\/index.php\/wp-json\/wp\/v2\/pages"}],"about":[{"href":"https:\/\/gazdasagportal.hu\/index.php\/wp-json\/wp\/v2\/types\/page"}],"author":[{"embeddable":true,"href":"https:\/\/gazdasagportal.hu\/index.php\/wp-json\/wp\/v2\/users\/1"}],"replies":[{"embeddable":true,"href":"https:\/\/gazdasagportal.hu\/index.php\/wp-json\/wp\/v2\/comments?post=113613"}],"version-history":[{"count":7,"href":"https:\/\/gazdasagportal.hu\/index.php\/wp-json\/wp\/v2\/pages\/113613\/revisions"}],"predecessor-version":[{"id":113664,"href":"https:\/\/gazdasagportal.hu\/index.php\/wp-json\/wp\/v2\/pages\/113613\/revisions\/113664"}],"wp:attachment":[{"href":"https:\/\/gazdasagportal.hu\/index.php\/wp-json\/wp\/v2\/media?parent=113613"}],"curies":[{"name":"wp","href":"https:\/\/api.w.org\/{rel}","templated":true}]}}

Saalbach/Hinterglemm síterepe vonzza a befektetőket

<p><strong>A híres Skicircus Saalbach Hinterglemm Leogang Fieberbrunn alpesi síterep vonzza az ingatlan befektetőket. 2023-ig létrejön a világhírű Zell am See/Kaprun gleccser központjával való összekapcsolás. Ezzel Ausztria legnagyobb összekapcsolt síterepe keletkezik, ahol a síelőkre több mint 400 kilométer sípálya vár majd.  </strong><!--more--></p>
<p>&nbsp;</p>
<p><strong>Az Alpokban növekszik a második otthon iránti érdeklődés</strong></p><div id="gazda-1475466216" class="gazda-tartalomban gazda-entity-placement"><script async src="https://pagead2.googlesyndication.com/pagead/js/adsbygoogle.js"></script>
<ins class="adsbygoogle"
     style="display:block"
     data-ad-format="fluid"
     data-ad-layout-key="-6t+ed+2i-1n-4w"
     data-ad-client="ca-pub-1959107119989764"
     data-ad-slot="4008251320"></ins>
<script>
     (adsbygoogle = window.adsbygoogle || []).push({});
</script></div>
<p>Ezek a tervezett változások megerősítik Saalbach/Hinterglemm pozícióját, mint az Alpok egyik TOP célpontját – a turisták és befektetők számára egyaránt. Nagyon sok magyar tölti téli üdülését az osztrák Alpokban. Főleg a közelsége, a kiváló minőségű szolgáltatások és a különféle tevékenységek miatt. Továbbá egyre több az olyan befektető, aki itt vásárol ingatlant, a távollétében pedig azt kiadja.</p>
<p>Ezt Forgács Péter, a külföldi ingatlanok értékesítésére szakosodott <strong><a href="https://www.rellox.hu/" target="_blank" rel="noopener noreferrer">Rellox</a></strong> társaság értékesítési menedzsere is megerősítette. „ Most van a fő síszezon, ebben az időszakban növekszik a magyar befektetők alpesi ingatlanok iránti érdeklődése. Minden évben több magyar befektető érdeklődik alpesi ingatlanok iránt, akik az üdülésüket összekötik a kiválasztott ingatlanok megtekintésével. A mi ügyfeleink többnyire családok, akik az üdülésüket a sajátjukban szeretnék tölteni, az év további részében pedig az ingatlant bérbe szeretnék adni.”</p>
<p><a href="https://gazdasagportal.hu/wp-content/uploads/2019/02/1-1.jpg"><img decoding="async" loading="lazy" class="aligncenter size-full wp-image-113614" src="https://gazdasagportal.hu/wp-content/uploads/2019/02/1-1.jpg" alt="" width="1500" height="1125" srcset="https://gazdasagportal.hu/wp-content/uploads/2019/02/1-1.jpg 1500w, https://gazdasagportal.hu/wp-content/uploads/2019/02/1-1-300x225.jpg 300w, https://gazdasagportal.hu/wp-content/uploads/2019/02/1-1-768x576.jpg 768w, https://gazdasagportal.hu/wp-content/uploads/2019/02/1-1-1024x768.jpg 1024w" sizes="(max-width: 1500px) 100vw, 1500px" /></a></p>
<p style="text-align: center;"><em>Eladó 4* apartmanok a híres Saalbach/Hinterglemm síterepében</em></p>
<p><strong>Az osztrák Alpokban fekvő ingatlanok további bérbeadásával körülbelül 4%-os éves hozamok érhetők el</strong></p>
<p>Az ingatlanfejlesztők reagálnak a régióban fekvő ingatlanok iránti növekvő keresletre, így gazdag háttérrel és szolgáltatásokkal rendelkező apartman hoteleket építenek, amelyekben a befektetők számára érdekes felértékelődéseket ígérnek. „ A bérbeadásból származó hozamok magassága körülbelül 4% &#8211; az ingatlan vételárából számítva, a működési költségek levonása után és adózás előtt,” tette hozzá Forgács Péter.</p>
<p><a href="https://gazdasagportal.hu/wp-content/uploads/2019/02/2.jpg"><img decoding="async" loading="lazy" class="aligncenter size-full wp-image-113615" src="https://gazdasagportal.hu/wp-content/uploads/2019/02/2.jpg" alt="" width="1500" height="1125" srcset="https://gazdasagportal.hu/wp-content/uploads/2019/02/2.jpg 1500w, https://gazdasagportal.hu/wp-content/uploads/2019/02/2-300x225.jpg 300w, https://gazdasagportal.hu/wp-content/uploads/2019/02/2-768x576.jpg 768w, https://gazdasagportal.hu/wp-content/uploads/2019/02/2-1024x768.jpg 1024w" sizes="(max-width: 1500px) 100vw, 1500px" /></a></p>
<p style="text-align: center;"><em>Szállodai típusú szolgáltatások, spa, wellness, recepció, bár étterem</em></p>
<p><strong>Eladó luxus apartmanok Hinterglemm központjában</strong></p>
<p>2019 tavaszán kezdik Hinterglemm központjában építeni ezeket a gyönyörű <strong><a href="https://www.rellox.hu/uj-4-csillagos-apartmanok-a-ski-circus-teruleten" target="_blank" rel="noopener noreferrer">4* apartmanokat</a></strong>. Várható befejezés 2020 decemberére van tervezve. A létesítményben 2 étterem, fitnesz, spa, szaunák és medence is megtalálható majd. Az apartmanok magántulajdonba kerülnek értékesítésre, azonban a területrendezési terv szerint részleges saját használat és további bérbeadás kombinációjára vannak tervezve. Ez a koncepció lehetővé teszi az ingatlan ÁFA nélküli megvételét, a befektető így 20%-ot takarít meg az ingatlan vételárából számítva. Árak már nettó 219 900 eurótól.</p>
<p><strong>Saját használat és további bérbeadás kombinációjára tervezett második otthon</strong> – Hinterglemm falujában épülő projekt ezt a világszerte ismert irányzatot követi. „Az apartman tulajdonosai néhány hétig az év folyamán élvezik az alpesi üdülésüket, az év hátralevő részében pedig az ingatlant turistáknak adják bérbe. Természetesen biztosítva vannak az ingatlan kezelésével és annak bérbeadásával kapcsolatos szolgáltatások. A legtöbb magyar ügyfél számára ez az ideális befektetési lehetőség. <strong>Osztrák alpesi ingatlanok</strong> &#8211; kiváló likviditással és hosszú távú enyhe növekedéssel rendelkező stabil ingatlanszegmens.</p>
<p><a href="https://www.rellox.hu/ausztriai-ingatlankinalat" target="_blank" rel="noopener noreferrer">Legérdekesebb ingatlanprojektek az osztrák Alpokban</a></p>
<p style="text-align: center;"><a href="https://gazdasagportal.hu/wp-content/uploads/2019/02/3.jpg"><img decoding="async" loading="lazy" class="aligncenter size-full wp-image-113616" src="https://gazdasagportal.hu/wp-content/uploads/2019/02/3.jpg" alt="" width="1500" height="1125" srcset="https://gazdasagportal.hu/wp-content/uploads/2019/02/3.jpg 1500w, https://gazdasagportal.hu/wp-content/uploads/2019/02/3-300x225.jpg 300w, https://gazdasagportal.hu/wp-content/uploads/2019/02/3-768x576.jpg 768w, https://gazdasagportal.hu/wp-content/uploads/2019/02/3-1024x768.jpg 1024w" sizes="(max-width: 1500px) 100vw, 1500px" /></a><em>Az apartmanok saját használat és további bérbeadás kombinációjára épültek. További információkat szeretne? Kérjük, vegye fel velünk a <strong><a href="https://www.rellox.hu/kapcsolat" target="_blank" rel="noopener noreferrer">kapcsolatot</a></strong>.</em></p>

<p>A híres Skicircus Saalbach Hinterglemm Leogang Fieberbrunn alpesi síterep vonzza az ingatlan befektetőket. 2023-ig létrejön a világhírű Zell am See/Kaprun gleccser központjával való összekapcsolás. Ezzel Ausztria legnagyobb összekapcsolt síterepe keletkezik, ahol a síelőkre több mint 400 kilométer sípálya vár majd.  </p>
